000
CDUS44 KBRO 060636
CLIBRO

CLIMATE REPORT
NATIONAL WEATHER SERVICE BROWNSVILLE, TX
136 AM CDT THU OCT 06 2022

...................................

...THE BROWNSVILLE CLIMATE SUMMARY FOR OCTOBER 5 2022...

CLIMATE NORMAL PERIOD 1991 TO 2020
CLIMATE RECORD PERIOD 1878 TO 2022


WEATHER ITEM   OBSERVED TIME   RECORD YEAR NORMAL DEPARTURE LAST
                VALUE   (LST)  VALUE       VALUE  FROM      YEAR
                                                  NORMAL
...................................................................
TEMPERATURE (F)
 YESTERDAY
  MAXIMUM         90    246 PM  96    1894  89      1       92
  MINIMUM         67    649 AM  54    1880  71     -4       70
  AVERAGE         79                        80     -1       81

PRECIPITATION (IN)
  YESTERDAY        0.00          2.89 1991   0.15  -0.15     0.00
  MONTH TO DATE    0.00                      0.78  -0.78     8.11
  SINCE SEP 1      4.56                      6.51  -1.95    12.75
  SINCE JAN 1     20.52                     20.76  -0.24    33.38

SNOWFALL (IN)
  YESTERDAY        0.0
  MONTH TO DATE    0.0
  SINCE SEP 1      0.0
  SINCE JUL 1      0.0
  SNOW DEPTH       0

DEGREE DAYS
 HEATING
  YESTERDAY        0                         0      0        0
  MONTH TO DATE    0                         0      0        0
  SINCE SEP 1      0                         0      0        0
  SINCE JUL 1      0                         0      0        0

 COOLING
  YESTERDAY       14                        15     -1       16
  MONTH TO DATE   68                        79    -11       86
  SINCE SEP 1    627                       633     -6      672
  SINCE JAN 1   4020                      3901    119     3803
...................................................................


WIND (MPH)
  HIGHEST WIND SPEED    15   HIGHEST WIND DIRECTION    NE (50)
  HIGHEST GUST SPEED    20   HIGHEST GUST DIRECTION    NE (50)
  AVERAGE WIND SPEED     3.8


SKY COVER
  POSSIBLE SUNSHINE  MM
  AVERAGE SKY COVER 0.1


WEATHER CONDITIONS
THE FOLLOWING WEATHER WAS RECORDED YESTERDAY.
  NO SIGNIFICANT WEATHER WAS OBSERVED.


RELATIVE HUMIDITY (PERCENT)
 HIGHEST    90           400 AM
 LOWEST     44           200 PM
 AVERAGE    67

..........................................................


THE BROWNSVILLE CLIMATE NORMALS FOR TODAY
                         NORMAL    RECORD    YEAR
 MAXIMUM TEMPERATURE (F)   89        96      1894
                                             1900
 MINIMUM TEMPERATURE (F)   71        54      1880


SUNRISE AND SUNSET
OCTOBER  6 2022.......SUNRISE   724 AM CDT   SUNSET   711 PM CDT
OCTOBER  7 2022.......SUNRISE   725 AM CDT   SUNSET   710 PM CDT


-  INDICATES NEGATIVE NUMBERS.
R  INDICATES RECORD WAS SET OR TIED.
MM INDICATES DATA IS MISSING.
T  INDICATES TRACE AMOUNT.




$$
