000
CDAK49 PAFG 010047
CLIBRW

CLIMATE REPORT
NATIONAL WEATHER SERVICE FAIRBANKS AK
447 PM AKDT FRI SEP 30 2022


...THE UTQIAGVIK (BARROW) AK CLIMATE SUMMARY FOR SEPTEMBER 30 2022...
VALID TODAY AS OF 0400 PM LOCAL TIME.

CLIMATE NORMAL PERIOD 1991 TO 2020
CLIMATE RECORD PERIOD 1920 TO 2022


WEATHER ITEM   OBSERVED TIME   RECORD YEAR NORMAL DEPARTURE LAST
                VALUE   (LST)  VALUE       VALUE  FROM      YEAR
                                                  NORMAL
...................................................................
TEMPERATURE (F)
 TODAY
  MAXIMUM         32    255 PM  48    2016  33     -1       31
  MINIMUM         30   1030 AM   5    1975  25      5       25
  AVERAGE         31                        29      2       28

PRECIPITATION (IN)
  TODAY            0.01          0.56 1959   0.02  -0.01     0.02
  MONTH TO DATE    0.22                      0.77  -0.55     1.72
  SINCE SEP 1      0.22                      0.77  -0.55     1.72
  SINCE JAN 1      3.86                      4.26  -0.40     5.46

DEGREE DAYS
 HEATING
  TODAY           34                        36     -2       37
  MONTH TO DATE  881                       922    -41      941
  SINCE SEP 1    881                       922    -41      941
  SINCE JUL 1   2417                      2393     24     2465

 COOLING
  TODAY            0                         0      0        0
  MONTH TO DATE    0                         0      0        0
  SINCE SEP 1      0                         0      0        0
  SINCE JAN 1      0                         0      0        0
...................................................................


WIND (MPH)
  HIGHEST GUST SPEED    20   HIGHEST GUST DIRECTION     N (350)


SKY COVER
  AVERAGE SKY COVER 1.0


WEATHER CONDITIONS
THE FOLLOWING WEATHER WAS RECORDED TODAY.
  LIGHT SNOW
  FOG
  HAZE


RELATIVE HUMIDITY (PERCENT)
 HIGHEST    89
 LOWEST     75
 AVERAGE    82

..........................................................


THE UTQIAGVIK (BARROW) AK CLIMATE NORMALS FOR TOMORROW
                         NORMAL    RECORD    YEAR
 MAXIMUM TEMPERATURE (F)   32        43      2019
 MINIMUM TEMPERATURE (F)   25         6      1922


SUNRISE AND SUNSET
SEPTEMBER 30 2022.....SUNRISE   842 AM AKDT  SUNSET   750 PM AKDT
OCTOBER 01 2022.......SUNRISE   846 AM AKDT  SUNSET   745 PM AKDT

-  INDICATES NEGATIVE NUMBERS.
R  INDICATES RECORD WAS SET OR TIED.
MM INDICATES DATA IS MISSING.
T  INDICATES TRACE AMOUNT.

&&

----------------------------
AVAILABLE DAYLIGHT

AMOUNT OF DAYLIGHT TODAY  (HOUR:MIN)........11:08
GAIN/LOSS SINCE YESTERDAY (HOUR:MIN:SEC)....-0:09:13
----------------------------

$$
SEP 22
