000
CDUS43 KGRR 020527
CLIBTL

CLIMATE REPORT
NATIONAL WEATHER SERVICE GRAND RAPIDS, MICHIGAN
127 AM EDT SUN OCT 02 2022

...................................

...THE BATTLE CREEK CLIMATE SUMMARY FOR OCTOBER 1 2022...

CLIMATE NORMAL PERIOD: 1991 TO 2020
CLIMATE RECORD PERIOD: 1895 TO 2022


WEATHER ITEM   OBSERVED TIME   RECORD YEAR NORMAL DEPARTURE LAST
                VALUE   (LST)  VALUE       VALUE  FROM      YEAR
                                                  NORMAL
...................................................................
TEMPERATURE (F)
 YESTERDAY
  MAXIMUM         71   3:36 PM  90    1897  68      3       78
  MINIMUM         41   6:12 AM  24    1899  47     -6       52
  AVERAGE         56                        58     -2       65

PRECIPITATION (IN)
  YESTERDAY        0.00          1.46 1945   0.11  -0.11     0.00
  MONTH TO DATE    0.00                      0.11  -0.11     0.00
  SINCE SEP 1      1.51                      3.34  -1.83     4.93
  SINCE JAN 1     28.65                     24.52   4.13    26.24

DEGREE DAYS
 HEATING
  YESTERDAY        9                         8      1        0
  MONTH TO DATE    9                         8      1        0
  SINCE SEP 1    114                       126    -12       45
  SINCE JUL 1    121                       144    -23       45

 COOLING
  YESTERDAY        0                         1     -1        0
  MONTH TO DATE    0                         1     -1        0
  SINCE SEP 1    110                        72     38       99
  SINCE JAN 1    875                       707    168      967
...................................................................


WIND (MPH)
  RESULTANT WIND SPEED   8   RESULTANT WIND DIRECTION  NE (30)
  HIGHEST WIND SPEED    17   HIGHEST WIND DIRECTION    NE (30)
  HIGHEST GUST SPEED    24   HIGHEST GUST DIRECTION    NE (30)
  AVERAGE WIND SPEED     8.2


SKY COVER
  AVERAGE SKY COVER 0.0


WEATHER CONDITIONS
THE FOLLOWING WEATHER WAS RECORDED YESTERDAY.
  FOG


RELATIVE HUMIDITY (PERCENT)
 HIGHEST    96           7:00 AM
 LOWEST     36           3:00 PM
 AVERAGE    66

..........................................................


THE BATTLE CREEK CLIMATE NORMALS FOR TODAY
                         NORMAL    RECORD    YEAR
 MAXIMUM TEMPERATURE (F)   68        88      1971
 MINIMUM TEMPERATURE (F)   47        27      1974


SUNRISE AND SUNSET
OCTOBER  2 2022.......SUNRISE   7:39 AM EDT   SUNSET   7:21 PM EDT
OCTOBER  3 2022.......SUNRISE   7:40 AM EDT   SUNSET   7:19 PM EDT


-  INDICATES NEGATIVE NUMBERS.
R  INDICATES RECORD WAS SET OR TIED.
MM INDICATES DATA IS MISSING.
T  INDICATES TRACE AMOUNT.




$$
