000
CDUS44 KLIX 020750
CLIBTR

CLIMATE REPORT
NATIONAL WEATHER SERVICE NEW ORLEANS
250 AM CDT SUN OCT 02 2022

...................................

...THE BATON ROUGE   CLIMATE SUMMARY FOR OCTOBER 1 2022...

CLIMATE NORMAL PERIOD: 1991 TO 2020
CLIMATE RECORD PERIOD: 1894 TO 2022


WEATHER ITEM   OBSERVED TIME   RECORD YEAR NORMAL DEPARTURE LAST
                VALUE   (LST)  VALUE       VALUE  FROM      YEAR
                                                  NORMAL
...................................................................
TEMPERATURE (F)
 YESTERDAY
  MAXIMUM         84   3:32 PM  98    1904  86     -2       85
  MINIMUM         53   5:51 AM  44    1984  64    -11       71
  AVERAGE         69                        75     -6       78

PRECIPITATION (IN)
  YESTERDAY        0.00          3.40 1962   0.15  -0.15      T
  MONTH TO DATE    0.00                      0.15  -0.15      T
  SINCE SEP 1      0.86                      4.57  -3.71     8.35
  SINCE JAN 1     38.87                     48.03  -9.16    74.05

SNOWFALL (IN)
  YESTERDAY        0.0
  MONTH TO DATE    0.0
  SINCE SEP 1      0.0
  SINCE JUL 1      0.0
  SNOW DEPTH      MM

DEGREE DAYS
 HEATING
  YESTERDAY        0                         0      0        0
  MONTH TO DATE    0                         0      0        0
  SINCE SEP 1      0                         1     -1        0
  SINCE JUL 1      0                         1     -1        0

 COOLING
  YESTERDAY        4                        10     -6       13
  MONTH TO DATE    4                        10     -6       13
  SINCE SEP 1    420                       425     -5      372
  SINCE JAN 1   2790                      2580    210     2447
...................................................................


WIND (MPH)
  HIGHEST WIND SPEED    15   HIGHEST WIND DIRECTION    NE (30)
  HIGHEST GUST SPEED    20   HIGHEST GUST DIRECTION    NE (30)
  AVERAGE WIND SPEED     4.9


SKY COVER
  POSSIBLE SUNSHINE  MM
  AVERAGE SKY COVER 0.0


WEATHER CONDITIONS
THE FOLLOWING WEATHER WAS RECORDED YESTERDAY.
  NO SIGNIFICANT WEATHER WAS OBSERVED.


RELATIVE HUMIDITY (PERCENT)
 HIGHEST    90           2:00 AM
 LOWEST     28           1:00 PM
 AVERAGE    59

..........................................................


THE BATON ROUGE   CLIMATE NORMALS FOR TODAY
                         NORMAL    RECORD    YEAR
 MAXIMUM TEMPERATURE (F)   85        98      1904
 MINIMUM TEMPERATURE (F)   64        45      1984


SUNRISE AND SUNSET
OCTOBER  2 2022.......SUNRISE   6:59 AM CDT   SUNSET   6:49 PM CDT
OCTOBER  3 2022.......SUNRISE   6:59 AM CDT   SUNSET   6:47 PM CDT


-  INDICATES NEGATIVE NUMBERS.
R  INDICATES RECORD WAS SET OR TIED.
MM INDICATES DATA IS MISSING.
T  INDICATES TRACE AMOUNT.




$$
