000
CDUS41 KBTV 060534
CLIBTV

CLIMATE REPORT
NATIONAL WEATHER SERVICE BURLINGTON VT
134 AM EDT THU OCT 06 2022

...................................

...THE BURLINGTON VT CLIMATE SUMMARY FOR OCTOBER 5 2022...

CLIMATE NORMAL PERIOD: 1991 TO 2020
CLIMATE RECORD PERIOD: 1884 TO 2022


WEATHER ITEM   OBSERVED TIME   RECORD YEAR NORMAL DEPARTURE LAST
                VALUE   (LST)  VALUE       VALUE  FROM      YEAR
                                                  NORMAL
...................................................................
TEMPERATURE (F)
 YESTERDAY
  MAXIMUM         70   2:36 PM  82    1926  64      6       66
  MINIMUM         44   5:39 AM  27    1964  46     -2       54
  AVERAGE         57                        55      2       60

PRECIPITATION (IN)
  YESTERDAY        0.00          2.09 1926   0.13  -0.13     0.01
  MONTH TO DATE    0.00                      0.64  -0.64     0.75
  SINCE SEP 1      6.46                      4.31   2.15     3.81
  SINCE JAN 1     30.85                     29.14   1.71    25.53

SNOWFALL (IN)
  YESTERDAY        0.0           0.0  2001   0.0    0.0      0.0
                                      2002
  MONTH TO DATE    0.0                       0.0    0.0      0.0
  SINCE SEP 1      0.0                       0.0    0.0      0.0
  SINCE JUL 1      0.0                       0.0    0.0      0.0
  SNOW DEPTH       0

DEGREE DAYS
 HEATING
  YESTERDAY        8                        11     -3        5
  MONTH TO DATE   67                        50     17       34
  SINCE SEP 1    202                       184     18       96
  SINCE JUL 1    202                       205     -3      103

 COOLING
  YESTERDAY        0                         0      0        0
  MONTH TO DATE    0                         0      0        0
  SINCE SEP 1     51                        66    -15       57
  SINCE JAN 1    755                       651    104      799
...................................................................


WIND (MPH)
  HIGHEST WIND SPEED     8   HIGHEST WIND DIRECTION    NW (320)
  HIGHEST GUST SPEED    10   HIGHEST GUST DIRECTION     W (290)
  AVERAGE WIND SPEED     1.7


SKY COVER
  POSSIBLE SUNSHINE  MM
  AVERAGE SKY COVER 0.3


WEATHER CONDITIONS
THE FOLLOWING WEATHER WAS RECORDED YESTERDAY.
  NO SIGNIFICANT WEATHER WAS OBSERVED.


RELATIVE HUMIDITY (PERCENT)
 HIGHEST    93          11:00 PM
 LOWEST     34           3:00 PM
 AVERAGE    64

..........................................................


THE BURLINGTON VT CLIMATE NORMALS FOR TODAY
                         NORMAL    RECORD    YEAR
 MAXIMUM TEMPERATURE (F)   63        82      1946
                                             1990
 MINIMUM TEMPERATURE (F)   45        23      1964


SUNRISE AND SUNSET
OCTOBER  6 2022.......SUNRISE   6:56 AM EDT   SUNSET   6:24 PM EDT
OCTOBER  7 2022.......SUNRISE   6:58 AM EDT   SUNSET   6:22 PM EDT


-  INDICATES NEGATIVE NUMBERS.
R  INDICATES RECORD WAS SET OR TIED.
MM INDICATES DATA IS MISSING.
T  INDICATES TRACE AMOUNT.


&&

LAKE CHAMPLAIN DATA:
LEVEL...............94.73 FEET
TEMPERATURE.........59 DEGREES

MOUNT MANSFIELD DATA:
HIGH................65 DEGREES
LOW.................47 DEGREES
PRECIPITATION.......NONE
SNOW AT STAKE.......NONE

$$
