000
CDUS41 KBUF 062033
CLIBUF

CLIMATE REPORT
NATIONAL WEATHER SERVICE BUFFALO NY
433 PM EDT THU OCT 06 2022

...................................

...THE BUFFALO NY CLIMATE SUMMARY FOR OCTOBER 6 2022...
VALID TODAY AS OF 0400 PM LOCAL TIME.

CLIMATE NORMAL PERIOD: 1991 TO 2020
CLIMATE RECORD PERIOD: 1871 TO 2022


WEATHER ITEM   OBSERVED TIME   RECORD YEAR NORMAL DEPARTURE LAST
                VALUE   (LST)  VALUE       VALUE  FROM      YEAR
                                                  NORMAL
...................................................................
TEMPERATURE (F)
 TODAY
  MAXIMUM         69   4:20 PM  85    1900  64      5       74
  MINIMUM         49   6:00 AM  28    1984  47      2       60
  AVERAGE         59                        56      3       67

PRECIPITATION (IN)
  TODAY            0.00          2.55 1955   0.14  -0.14      T
  MONTH TO DATE    0.00                      0.82  -0.82     2.26
  SINCE SEP 1      4.30                      4.92  -0.62     7.54
  SINCE JAN 1     28.47                     30.22  -1.75    30.71

SNOWFALL (IN)
  TODAY            0.0           0.2  1991   0.0    0.0      0.0
  MONTH TO DATE    0.0                       0.1   -0.1      0.0
  SINCE SEP 1      0.0                       0.1   -0.1      0.0
  SINCE JUL 1      0.0                       0.1   -0.1      0.0
  SNOW DEPTH       0

DEGREE DAYS
 HEATING
  TODAY            6                        10     -4        0
  MONTH TO DATE   71                        54     17        8
  SINCE SEP 1    178                       168     10       42
  SINCE JUL 1    178                       188    -10       46

 COOLING
  TODAY            0                         0      0        2
  MONTH TO DATE    0                         1     -1        4
  SINCE SEP 1     63                        67     -4       92
  SINCE JAN 1    712                       602    110      891
...................................................................


WIND (MPH)
  HIGHEST WIND SPEED    17   HIGHEST WIND DIRECTION    SW (240)
  HIGHEST GUST SPEED    25   HIGHEST GUST DIRECTION    SW (240)
  AVERAGE WIND SPEED     9.2


SKY COVER
  AVERAGE SKY COVER 0.8


WEATHER CONDITIONS
THE FOLLOWING WEATHER WAS RECORDED TODAY.
  NO SIGNIFICANT WEATHER WAS OBSERVED.


RELATIVE HUMIDITY (PERCENT)
 HIGHEST    86           5:00 AM
 LOWEST     49           1:00 PM
 AVERAGE    68

..........................................................


THE BUFFALO NY CLIMATE NORMALS FOR TOMORROW
                         NORMAL    RECORD    YEAR
 MAXIMUM TEMPERATURE (F)   63        82      1900
                                             1913
                                             1955
 MINIMUM TEMPERATURE (F)   47        28      1964


SUNRISE AND SUNSET
OCTOBER  6 2022.......SUNRISE   7:18 AM EDT   SUNSET   6:47 PM EDT
OCTOBER  7 2022.......SUNRISE   7:19 AM EDT   SUNSET   6:46 PM EDT


-  INDICATES NEGATIVE NUMBERS.
R  INDICATES RECORD WAS SET OR TIED.
MM INDICATES DATA IS MISSING.
T  INDICATES TRACE AMOUNT.




$$
