000
CDUS46 KLOX 060846
CLIBUR

CLIMATE REPORT
NATIONAL WEATHER SERVICE LOS ANGELES/OXNARD
146 AM PDT THU OCT 06 2022

...................................

...THE HOLLYWOOD/BURBANK  AIRPORT CA CLIMATE SUMMARY FOR OCTOBER 5 2022...

CLIMATE NORMAL PERIOD: 1991 TO 2020
CLIMATE RECORD PERIOD: 1939 TO 2022


WEATHER ITEM   OBSERVED TIME   RECORD YEAR NORMAL DEPARTURE LAST
                VALUE   (LST)  VALUE       VALUE  FROM      YEAR
                                                  NORMAL
...................................................................
TEMPERATURE (F)
 YESTERDAY
  MAXIMUM         87   1:48 PM 102    1943  82      5       80
  MINIMUM         65   6:29 AM  44    1969  60      5       65
  AVERAGE         76                        71      5       73

PRECIPITATION (IN)
  YESTERDAY        0.00          1.15 1994   0.02  -0.02     0.01
  MONTH TO DATE    0.00                      0.06  -0.06     0.08
  SINCE JUL 1      0.16                      0.19  -0.03     0.11
  SINCE OCT 1      0.00                      0.06  -0.06     0.08
  SINCE JAN 1      2.20                     10.66  -8.46     3.90

SNOWFALL (IN)
  YESTERDAY       MM
  MONTH TO DATE   MM
  SINCE SEP 1     MM
  SINCE JUL 1     MM

DEGREE DAYS
 HEATING
  YESTERDAY        0                         0      0        0
  MONTH TO DATE    0                         0      0        0
  SINCE SEP 1      0                         2     -2        0
  SINCE JUL 1      0                         2     -2        0

 COOLING
  YESTERDAY       11                         6      5        8
  MONTH TO DATE   49                        33     16       58
  SINCE SEP 1    571                       328    243      347
  SINCE JAN 1   2202                      1342    860     1548
...................................................................


WIND (MPH)
  HIGHEST WIND SPEED    13   HIGHEST WIND DIRECTION    SE (120)
  HIGHEST GUST SPEED    19   HIGHEST GUST DIRECTION     E (110)
  AVERAGE WIND SPEED     5.1


SKY COVER
  POSSIBLE SUNSHINE  MM
  AVERAGE SKY COVER 0.1


WEATHER CONDITIONS
THE FOLLOWING WEATHER WAS RECORDED YESTERDAY.
  HAZE


RELATIVE HUMIDITY (PERCENT)
 HIGHEST    81          10:00 PM
 LOWEST     45           2:00 PM
 AVERAGE    63

..........................................................


THE HOLLYWOOD/BURBANK  AIRPORT CA CLIMATE NORMALS FOR TODAY
                         NORMAL    RECORD    YEAR
 MAXIMUM TEMPERATURE (F)   81       101      1971
 MINIMUM TEMPERATURE (F)   60        46      1940
                                             1941
                                             1969


SUNRISE AND SUNSET
OCTOBER  6 2022.......SUNRISE   6:52 AM PDT   SUNSET   6:31 PM PDT
OCTOBER  7 2022.......SUNRISE   6:53 AM PDT   SUNSET   6:29 PM PDT


-  INDICATES NEGATIVE NUMBERS.
R  INDICATES RECORD WAS SET OR TIED.
MM INDICATES DATA IS MISSING.
T  INDICATES TRACE AMOUNT.




$$
