000
CDUS41 KLWX 260524
CLIBWI

CLIMATE REPORT
NATIONAL WEATHER SERVICE BALTIMORE MD/WASHINGTON DC
124 AM EDT MON SEP 26 2022

...................................

...THE BALTIMORE MD CLIMATE SUMMARY FOR SEPTEMBER 25 2022...

CLIMATE NORMAL PERIOD: 1991 TO 2020
CLIMATE RECORD PERIOD: 1871 TO 2022


WEATHER ITEM   OBSERVED TIME   RECORD YEAR NORMAL DEPARTURE LAST
                VALUE   (LST)  VALUE       VALUE  FROM      YEAR
                                                  NORMAL
...................................................................
TEMPERATURE (F)
 YESTERDAY
  MAXIMUM         80   1:19 PM  97    1970  76      4       78
  MINIMUM         57   6:18 AM  35    1963  55      2       50
  AVERAGE         69                        66      3       64

PRECIPITATION (IN)
  YESTERDAY        0.01          2.47 1992   0.15  -0.14     0.00
  MONTH TO DATE    3.12                      3.66  -0.54     6.03
  SINCE SEP 1      3.12                      3.66  -0.54     6.03
  SINCE JAN 1     35.05                     33.44   1.61    33.39

SNOWFALL (IN)
  YESTERDAY        0.0          MM      MM   0.0    0.0      0.0
  MONTH TO DATE    0.0                       0.0    0.0      0.0
  SINCE SEP 1      0.0                       0.0    0.0      0.0
  SINCE JUL 1      T                         0.0    0.0      0.0
  SNOW DEPTH       0

DEGREE DAYS
 HEATING
  YESTERDAY        0                         2     -2        1
  MONTH TO DATE    9                        18     -9        3
  SINCE SEP 1      9                        18     -9        3
  SINCE JUL 1      9                        18     -9        3

 COOLING
  YESTERDAY        4                         3      1        0
  MONTH TO DATE  197                       150     47      197
  SINCE SEP 1    197                       150     47      197
  SINCE JAN 1   1547                      1284    263     1605
...................................................................


WIND (MPH)
  HIGHEST WIND SPEED    15   HIGHEST WIND DIRECTION     W (280)
  HIGHEST GUST SPEED    21   HIGHEST GUST DIRECTION     W (290)
  AVERAGE WIND SPEED     4.4


SKY COVER
  AVERAGE SKY COVER 0.7


WEATHER CONDITIONS
THE FOLLOWING WEATHER WAS RECORDED YESTERDAY.
  THUNDERSTORM
  LIGHT RAIN


RELATIVE HUMIDITY (PERCENT)
 HIGHEST    90           7:00 PM
 LOWEST     52           1:00 PM
 AVERAGE    71

..........................................................


THE BALTIMORE MD CLIMATE NORMALS FOR TODAY
                         NORMAL    RECORD    YEAR
 MAXIMUM TEMPERATURE (F)   76        95      1970
 MINIMUM TEMPERATURE (F)   55        40      1879


SUNRISE AND SUNSET
SEPTEMBER 26 2022.....SUNRISE   6:58 AM EDT   SUNSET   6:57 PM EDT
SEPTEMBER 27 2022.....SUNRISE   6:59 AM EDT   SUNSET   6:56 PM EDT


-  INDICATES NEGATIVE NUMBERS.
R  INDICATES RECORD WAS SET OR TIED.
MM INDICATES DATA IS MISSING.
T  INDICATES TRACE AMOUNT.




$$
