000
CDUS45 KRIW 050728
CLIBYG

CLIMATE REPORT
NATIONAL WEATHER SERVICE RIVERTON WY
128 AM MDT WED OCT 05 2022

...................................

...THE BUFFALO WY CLIMATE SUMMARY FOR OCTOBER 4 2022...

CLIMATE NORMAL PERIOD: 1991 TO 2020
CLIMATE RECORD PERIOD: 1998 TO 2022


WEATHER ITEM   OBSERVED TIME   RECORD YEAR NORMAL DEPARTURE LAST
                VALUE   (LST)  VALUE       VALUE  FROM      YEAR
                                                  NORMAL
...................................................................
TEMPERATURE (F)
 YESTERDAY
  MAXIMUM         65   3:28 PM  85    2010  62      3       85
                                      2021
  MINIMUM         43   4:55 AM  27    2000  40      3       51
  AVERAGE         54                        51      3       68

PRECIPITATION (IN)
  YESTERDAY        0.00          0.53 2001   0.05  -0.05     0.00
  MONTH TO DATE    0.40                      0.20   0.20     0.00
  SINCE SEP 1      2.04                      1.37   0.67     0.09
  SINCE JAN 1      8.79                     11.21  -2.42     4.52

DEGREE DAYS
 HEATING
  YESTERDAY       11                        14     -3        0
  MONTH TO DATE   50                        55     -5       17
  SINCE SEP 1    163                       268   -105      108
  SINCE JUL 1    168                       325   -157      151

 COOLING
  YESTERDAY        0                         0      0        3
  MONTH TO DATE    0                         0      0        3
  SINCE SEP 1    125                        57     68       61
  SINCE JAN 1    817                       525    292      792
...................................................................


WIND (MPH)
  HIGHEST WIND SPEED    20   HIGHEST WIND DIRECTION     N (350)
  HIGHEST GUST SPEED    25   HIGHEST GUST DIRECTION     N (350)
  AVERAGE WIND SPEED     7.1


SKY COVER
  POSSIBLE SUNSHINE  MM
  AVERAGE SKY COVER 0.2


WEATHER CONDITIONS
THE FOLLOWING WEATHER WAS RECORDED YESTERDAY.
  NO SIGNIFICANT WEATHER WAS OBSERVED.


RELATIVE HUMIDITY (PERCENT)
 HIGHEST    86           2:00 AM
 LOWEST     48           4:00 PM
 AVERAGE    67

..........................................................


THE BUFFALO WY CLIMATE NORMALS FOR TODAY
                         NORMAL    RECORD    YEAR
 MAXIMUM TEMPERATURE (F)   62        82      2021
 MINIMUM TEMPERATURE (F)   39        20      2001


SUNRISE AND SUNSET
OCTOBER  5 2022.......SUNRISE   7:10 AM MDT   SUNSET   6:40 PM MDT
OCTOBER  6 2022.......SUNRISE   7:11 AM MDT   SUNSET   6:38 PM MDT


-  INDICATES NEGATIVE NUMBERS.
R  INDICATES RECORD WAS SET OR TIED.
MM INDICATES DATA IS MISSING.
T  INDICATES TRACE AMOUNT.




$$
