000
CDUS45 KPIH 060739
CLIBYI

CLIMATE REPORT
NATIONAL WEATHER SERVICE POCATELLO ID
139 AM MDT THU OCT 06 2022

...................................

...THE BURLEY CLIMATE SUMMARY FOR OCTOBER 5 2022...

CLIMATE NORMAL PERIOD 1991 TO 2020
CLIMATE RECORD PERIOD 1917 TO 2022


WEATHER ITEM   OBSERVED TIME   RECORD YEAR NORMAL DEPARTURE LAST
                VALUE   (LST)  VALUE       VALUE  FROM      YEAR
                                                  NORMAL
...................................................................
TEMPERATURE (F)
 YESTERDAY
  MAXIMUM         78    403 PM  85    1958  68     10       82
  MINIMUM         38    626 AM  23    1926  39     -1       40
  AVERAGE         58                        54      4       61

PRECIPITATION (IN)
  YESTERDAY        0.00          0.63 2007   0.03  -0.03     0.00
  MONTH TO DATE    0.00                      0.13  -0.13     0.00
  SINCE OCT 1      0.00                      0.13  -0.13     0.00
  SINCE JAN 1      4.21                      7.77  -3.56     4.48

SNOWFALL (IN)
  YESTERDAY       MM
  MONTH TO DATE   MM
  SINCE SEP 1     MM
  SINCE JUL 1     MM
  SNOW DEPTH      MM

DEGREE DAYS
 HEATING
  YESTERDAY        7                        12     -5        4
  MONTH TO DATE   45                        54     -9       39
  SINCE SEP 1    122                       214    -92      175
  SINCE JUL 1    122                       246   -124      205

 COOLING
  YESTERDAY        0                         0      0        0
  MONTH TO DATE    0                         0      0        0
  SINCE SEP 1     74                        34     40       38
  SINCE JAN 1    650                       491    159      732
...................................................................


WIND (MPH)
  HIGHEST WIND SPEED    10   HIGHEST WIND DIRECTION    NE (60)
  HIGHEST GUST SPEED    16   HIGHEST GUST DIRECTION     E (80)
  AVERAGE WIND SPEED     3.2


SKY COVER
  POSSIBLE SUNSHINE  MM
  AVERAGE SKY COVER 0.0


WEATHER CONDITIONS
THE FOLLOWING WEATHER WAS RECORDED YESTERDAY.
  FOG


RELATIVE HUMIDITY (PERCENT)
 HIGHEST    97           500 AM
 LOWEST     21           300 PM
 AVERAGE    59

..........................................................


THE BURLEY CLIMATE NORMALS FOR TODAY
                         NORMAL    RECORD    YEAR
 MAXIMUM TEMPERATURE (F)   67        85      1921
 MINIMUM TEMPERATURE (F)   39        18      1974


SUNRISE AND SUNSET
OCTOBER  6 2022.......SUNRISE   738 AM MDT   SUNSET   708 PM MDT
OCTOBER  7 2022.......SUNRISE   739 AM MDT   SUNSET   706 PM MDT


-  INDICATES NEGATIVE NUMBERS.
R  INDICATES RECORD WAS SET OR TIED.
MM INDICATES DATA IS MISSING.
T  INDICATES TRACE AMOUNT.




$$
