000
CDUS45 KTFX 302240
CLIBZN

CLIMATE REPORT
NATIONAL WEATHER SERVICE GREAT FALLS MT
440 PM MDT FRI SEP 30 2022

...................................

...THE BOZEMAN/GALLATIN FIELD MT CLIMATE SUMMARY FOR SEPTEMBER 30 2022...
VALID TODAY AS OF 0400 PM LOCAL TIME.

CLIMATE NORMAL PERIOD 1991 TO 2020
CLIMATE RECORD PERIOD 1935 TO 2022


WEATHER ITEM   OBSERVED TIME   RECORD YEAR NORMAL DEPARTURE LAST
                VALUE   (LST)  VALUE       VALUE  FROM      YEAR
                                                  NORMAL
...................................................................
TEMPERATURE (F)
 TODAY
  MAXIMUM         58    259 PM  90    1963  66     -8       69
  MINIMUM         45    536 AM  15    1985  35     10       25
  AVERAGE         52                        51      1       47

PRECIPITATION (IN)
  TODAY            0.02          0.87 1977   0.03  -0.01     0.00
  MONTH TO DATE    1.25                      1.00   0.25     0.12
  SINCE OCT 1     12.65                     13.43  -0.78     9.80
  SINCE JAN 1     10.19                     11.15  -0.96     8.36

DEGREE DAYS
 HEATING
  TODAY           13                        14     -1       18
  MONTH TO DATE  174                       273    -99      219
  SINCE SEP 1    174                       273    -99      219
  SINCE JUL 1    185                       379   -194      304

 COOLING
  TODAY            0                         0      0        0
  MONTH TO DATE   46                        11     35       10
  SINCE SEP 1     46                        11     35       10
  SINCE JAN 1    451                       233    218      452
...................................................................


WIND (MPH)
  HIGHEST WIND SPEED     9   HIGHEST WIND DIRECTION    NW (300)
  HIGHEST GUST SPEED    16   HIGHEST GUST DIRECTION    NW (330)
  AVERAGE WIND SPEED     3.4


SKY COVER
  AVERAGE SKY COVER 0.9


WEATHER CONDITIONS
THE FOLLOWING WEATHER WAS RECORDED TODAY.
  LIGHT RAIN
  FOG


RELATIVE HUMIDITY (PERCENT)
 HIGHEST    90           700 AM
 LOWEST     60           300 PM
 AVERAGE    75

..........................................................


THE BOZEMAN/GALLATIN FIELD MT CLIMATE NORMALS FOR TOMORROW
                         NORMAL    RECORD    YEAR
 MAXIMUM TEMPERATURE (F)   66        89      2011
 MINIMUM TEMPERATURE (F)   35        13      1950


SUNRISE AND SUNSET
SEPTEMBER 30 2022.....SUNRISE   722 AM MDT   SUNSET   706 PM MDT
OCTOBER  1 2022.......SUNRISE   723 AM MDT   SUNSET   704 PM MDT


-  INDICATES NEGATIVE NUMBERS.
R  INDICATES RECORD WAS SET OR TIED.
MM INDICATES DATA IS MISSING.
T  INDICATES TRACE AMOUNT.




$$
