000
CDUS42 KCAE 290526
CLICAE

CLIMATE REPORT
NATIONAL WEATHER SERVICE COLUMBIA SC
126 AM EDT THU SEP 29 2022

...................................

...THE COLUMBIA METRO AIRPORT SC CLIMATE SUMMARY FOR SEPTEMBER 28 2022...

CLIMATE NORMAL PERIOD: 1991 TO 2020
CLIMATE RECORD PERIOD: 1887 TO 2022


WEATHER ITEM   OBSERVED TIME   RECORD YEAR NORMAL DEPARTURE LAST
                VALUE   (LST)  VALUE       VALUE  FROM      YEAR
                                                  NORMAL
...................................................................
TEMPERATURE (F)
 YESTERDAY
  MAXIMUM         75   2:17 PM  96    1986  82     -7       86
  MINIMUM         51   4:20 AM  41    1985  61    -10       61
  AVERAGE         63                        72     -9       74

PRECIPITATION (IN)
  YESTERDAY        0.00          2.77 1980   0.15  -0.15     0.00
  MONTH TO DATE    1.03                      3.63  -2.60     4.09
  SINCE SEP 1      1.03                      3.63  -2.60     4.09
  SINCE JAN 1     31.26                     35.37  -4.11    42.02

SNOWFALL (IN)
  YESTERDAY        0.0          MM      MM   0.0             0.0
  MONTH TO DATE    0.0                       0.0             0.0
  SINCE SEP 1      0.0                       0.0             0.0
  SINCE JUL 1      0.0                       0.0             0.0

DEGREE DAYS
 HEATING
  YESTERDAY        2                         1      1        0
  MONTH TO DATE    2                         2      0        0
  SINCE SEP 1      2                         2      0        0
  SINCE JUL 1      2                         2      0        0

 COOLING
  YESTERDAY        0                         7     -7        9
  MONTH TO DATE  312                       307      5      272
  SINCE SEP 1    312                       307      5      272
  SINCE JAN 1   2256                      2114    142     2011
...................................................................


WIND (MPH)
  HIGHEST WIND SPEED    17   HIGHEST WIND DIRECTION    NE (40)
  HIGHEST GUST SPEED    26   HIGHEST GUST DIRECTION    NE (50)
  AVERAGE WIND SPEED     7.5


SKY COVER
  AVERAGE SKY COVER 0.8


WEATHER CONDITIONS
THE FOLLOWING WEATHER WAS RECORDED YESTERDAY.
  NO SIGNIFICANT WEATHER WAS OBSERVED.


RELATIVE HUMIDITY (PERCENT)
 HIGHEST    77           3:00 AM
 LOWEST     27           4:00 PM
 AVERAGE    52

..........................................................


THE COLUMBIA METRO AIRPORT SC CLIMATE NORMALS FOR TODAY
                         NORMAL    RECORD    YEAR
 MAXIMUM TEMPERATURE (F)   82        97      1941
 MINIMUM TEMPERATURE (F)   61        43      1985


SUNRISE AND SUNSET
SEPTEMBER 29 2022.....SUNRISE   7:17 AM EDT   SUNSET   7:11 PM EDT
SEPTEMBER 30 2022.....SUNRISE   7:18 AM EDT   SUNSET   7:10 PM EDT


-  INDICATES NEGATIVE NUMBERS.
R  INDICATES RECORD WAS SET OR TIED.
MM INDICATES DATA IS MISSING.
T  INDICATES TRACE AMOUNT.




$$
