000
CDUS45 KGJT 260737
CLICAG

CLIMATE REPORT
NATIONAL WEATHER SERVICE GRAND JUNCTION CO
137 AM MDT MON SEP 26 2022

...................................

...THE CRAIG CO CLIMATE SUMMARY FOR SEPTEMBER 25 2022...

CLIMATE NORMAL PERIOD 1991 TO 2020
CLIMATE RECORD PERIOD 9999 TO 9999


WEATHER ITEM   OBSERVED TIME   RECORD YEAR NORMAL DEPARTURE LAST
                VALUE   (LST)  VALUE       VALUE  FROM      YEAR
                                                  NORMAL
...................................................................
TEMPERATURE (F)
 YESTERDAY
  MAXIMUM         76    345 PM  MM      MM  73      3       83
  MINIMUM         32    605 AM  MM      MM  34     -2       30
  AVERAGE         54                        53      1       57

PRECIPITATION (IN)
  YESTERDAY        0.00         MM      MM   0.07  -0.07     0.00
  MONTH TO DATE    1.78                      1.44   0.34     0.53
  SINCE SEP 1      1.78                      1.44   0.34     0.53
  SINCE JAN 1     10.11                     10.42  -0.31     5.35

SNOWFALL (IN)
  YESTERDAY       MM            MM      MM  MM     MM       MM
  MONTH TO DATE   MM                        MM     MM       MM
  SINCE SEP 1     MM                        MM     MM       MM
  SINCE JUL 1     MM                        MM     MM       MM
  SNOW DEPTH      MM

DEGREE DAYS
 HEATING
  YESTERDAY       11                        12     -1        8
  MONTH TO DATE  114                       180    -66      134
  SINCE SEP 1    114                       180    -66      134
  SINCE JUL 1    116                       231   -115      163

 COOLING
  YESTERDAY        0                         0      0        0
  MONTH TO DATE   27                         2     25        6
  SINCE SEP 1     27                         2     25        6
  SINCE JAN 1    375                       213    162      343
...................................................................


WIND (MPH)
  HIGHEST WIND SPEED    10   HIGHEST WIND DIRECTION     W (250)
  HIGHEST GUST SPEED    16   HIGHEST GUST DIRECTION     W (260)
  AVERAGE WIND SPEED     1.5


SKY COVER
  POSSIBLE SUNSHINE  MM
  AVERAGE SKY COVER 0.0


WEATHER CONDITIONS
THE FOLLOWING WEATHER WAS RECORDED YESTERDAY.
  NO SIGNIFICANT WEATHER WAS OBSERVED.


RELATIVE HUMIDITY (PERCENT)
 HIGHEST    85           700 AM
 LOWEST     20           400 PM
 AVERAGE    53

..........................................................


THE CRAIG CO CLIMATE NORMALS FOR TODAY
                         NORMAL    RECORD    YEAR
 MAXIMUM TEMPERATURE (F)   73        MM        MM
 MINIMUM TEMPERATURE (F)   33        MM        MM


SUNRISE AND SUNSET
SEPTEMBER 26 2022.....SUNRISE   702 AM MDT   SUNSET   700 PM MDT
SEPTEMBER 27 2022.....SUNRISE   703 AM MDT   SUNSET   659 PM MDT


-  INDICATES NEGATIVE NUMBERS.
R  INDICATES RECORD WAS SET OR TIED.
MM INDICATES DATA IS MISSING.
T  INDICATES TRACE AMOUNT.




$$
