000
CDUS45 KABQ 290827
CLICAO

CLIMATE REPORT
NATIONAL WEATHER SERVICE ALBUQUERQUE NM
227 AM MDT THU SEP 29 2022

...................................

...THE CLAYTON  NM CLIMATE SUMMARY FOR SEPTEMBER 28 2022...

CLIMATE NORMAL PERIOD 1991 TO 2020
CLIMATE RECORD PERIOD 1896 TO 2022


WEATHER ITEM   OBSERVED TIME   RECORD YEAR NORMAL DEPARTURE
                VALUE   (LST)  VALUE       VALUE  FROM
                                                  NORMAL
................................................................
TEMPERATURE (F)
 YESTERDAY
  MAXIMUM         84    236 PM  91    1898  76      8
                                      2011
  MINIMUM         51    202 AM  28    1945  48      3
  AVERAGE         68                        62      6

PRECIPITATION (IN)
  YESTERDAY        0.01          0.93 2017   0.05  -0.04
  MONTH TO DATE    0.08                      1.66  -1.58
  SINCE SEP 1      0.08                      1.66  -1.58
  SINCE JAN 1      9.55                     14.03  -4.48

SNOWFALL (IN)
  YESTERDAY        0.0                       0.0    0.0
  MONTH TO DATE    0.0                       0.0    0.0
  SINCE SEP 1      0.0                       0.0    0.0
  SINCE JUL 1      0.0                       0.0    0.0

DEGREE DAYS
 HEATING
  YESTERDAY        0                         5     -5
  MONTH TO DATE   16                        59    -43
  SINCE SEP 1     16                        59    -43
  SINCE JUL 1     17                        66    -49

 COOLING
  YESTERDAY        3                         2      1
  MONTH TO DATE  179                       108     71
  SINCE SEP 1    179                       108     71
  SINCE JAN 1   1242                       953    289
................................................................


WIND (MPH)
  HIGHEST WIND SPEED    29   HIGHEST WIND DIRECTION     W (270)
  HIGHEST GUST SPEED    40   HIGHEST GUST DIRECTION     W (280)
  AVERAGE WIND SPEED     8.4


SKY COVER
  AVERAGE SKY COVER 0.2


WEATHER CONDITIONS
THE FOLLOWING WEATHER WAS RECORDED YESTERDAY.
  THUNDERSTORM
  LIGHT RAIN


RELATIVE HUMIDITY (PERCENT)
 HIGHEST    69           900 PM
 LOWEST     23           200 PM
 AVERAGE    46

..........................................................


THE CLAYTON  NM CLIMATE NORMALS FOR TODAY
                         NORMAL    RECORD    YEAR
 MAXIMUM TEMPERATURE (F)   76        94      2010
 MINIMUM TEMPERATURE (F)   47        26      1985


SUNRISE AND SUNSET
SEPTEMBER 29 2022.....SUNRISE   646 AM MDT   SUNSET   639 PM MDT
SEPTEMBER 30 2022.....SUNRISE   647 AM MDT   SUNSET   637 PM MDT


-  INDICATES NEGATIVE NUMBERS.
R  INDICATES RECORD WAS SET OR TIED.
MM INDICATES DATA IS MISSING.
T  INDICATES TRACE AMOUNT.




$$
