000
CDUS41 KCAR 052030
CLICAR

CLIMATE REPORT
NATIONAL WEATHER SERVICE CARIBOU ME
430 PM EDT WED OCT 05 2022

...................................

...THE CARIBOU ME CLIMATE SUMMARY FOR OCTOBER 5 2022...
VALID TODAY AS OF 0400 PM LOCAL TIME.

CLIMATE NORMAL PERIOD: 1991 TO 2020
CLIMATE RECORD PERIOD: 1939 TO 2022


WEATHER ITEM   OBSERVED TIME   RECORD YEAR NORMAL DEPARTURE LAST
                VALUE   (LST)  VALUE       VALUE  FROM      YEAR
                                                  NORMAL
...................................................................
TEMPERATURE (F)
 TODAY
  MAXIMUM         69   2:59 PM  77    1946  58     11       68
                                      2005
  MINIMUM         31   6:07 AM  25    1975  39     -8       33
  AVERAGE         50                        49      1       51

PRECIPITATION (IN)
  TODAY            0.00          0.77 1941   0.12  -0.12     0.00
  MONTH TO DATE    0.00                      0.60  -0.60     0.02
  SINCE SEP 1      1.86                      4.04  -2.18     6.15
  SINCE JAN 1     31.25                     30.36   0.89    28.55

SNOWFALL (IN)
  TODAY            0.0           0.8  1964   0.0    0.0      0.0
                                      1984
  MONTH TO DATE    0.0                       0.0    0.0      0.0
  SINCE SEP 1      0.0                       0.1   -0.1      0.0
  SINCE JUL 1      0.0                       0.1   -0.1      0.0
  SNOW DEPTH       0

DEGREE DAYS
 HEATING
  TODAY           15                        16     -1       14
  MONTH TO DATE   96                        78     18       82
  SINCE SEP 1    347                       347      0      278
  SINCE JUL 1    414                       460    -46      382

 COOLING
  TODAY            0                         0      0        0
  MONTH TO DATE    0                         0      0        0
  SINCE SEP 1     12                        17     -5        9
  SINCE JAN 1    243                       224     19      351
...................................................................


WIND (MPH)
  HIGHEST WIND SPEED     8   HIGHEST WIND DIRECTION     S (160)
  HIGHEST GUST SPEED    13   HIGHEST GUST DIRECTION     S (170)
  AVERAGE WIND SPEED     0.9


SKY COVER
  POSSIBLE SUNSHINE  MM
  AVERAGE SKY COVER 0.0


WEATHER CONDITIONS
THE FOLLOWING WEATHER WAS RECORDED TODAY.
  NO SIGNIFICANT WEATHER WAS OBSERVED.


RELATIVE HUMIDITY (PERCENT)
 HIGHEST    92           4:00 AM
 LOWEST     28           3:00 PM
 AVERAGE    60

..........................................................


THE CARIBOU ME CLIMATE NORMALS FOR TOMORROW
                         NORMAL    RECORD    YEAR
 MAXIMUM TEMPERATURE (F)   58        74      1946
 MINIMUM TEMPERATURE (F)   39        23      1965


SUNRISE AND SUNSET
OCTOBER  5 2022.......SUNRISE   6:36 AM EDT   SUNSET   6:04 PM EDT
OCTOBER  6 2022.......SUNRISE   6:38 AM EDT   SUNSET   6:02 PM EDT


-  INDICATES NEGATIVE NUMBERS.
*  INDICATES RECORD WAS SET OR TIED.
MM INDICATES DATA IS MISSING.
T  INDICATES TRACE AMOUNT.




$$
