000
CDAK48 PAFC 051047
CLICDB

CLIMATE REPORT
NATIONAL WEATHER SERVICE ANCHORAGE, AK
247 AM AKDT WED OCT 05 2022

...................................

...THE COLD BAY CLIMATE SUMMARY FOR OCTOBER 4 2022...

CLIMATE NORMAL PERIOD: 1991 TO 2020
CLIMATE RECORD PERIOD: 1942 TO 2022


WEATHER ITEM   OBSERVED TIME   RECORD YEAR NORMAL DEPARTURE LAST
                VALUE   (LST)  VALUE       VALUE  FROM      YEAR
                                                  NORMAL
...................................................................
TEMPERATURE (F)
 YESTERDAY
  MAXIMUM         52   3:37 PM  58    2017  49      3       50
  MINIMUM         38   7:22 AM  27    1971  39     -1       36
  AVERAGE         45                        44      1       43

PRECIPITATION (IN)
  YESTERDAY        0.05          0.60 1970   0.15  -0.10     0.06
  MONTH TO DATE    0.38                      0.63  -0.25     0.40
  SINCE SEP 1      4.40                      5.13  -0.73     4.89
  SINCE JAN 1     26.23                     28.96  -2.73    31.71

DEGREE DAYS
 HEATING
  YESTERDAY       20                        21     -1       22
  MONTH TO DATE   72                        82    -10       91
  SINCE SEP 1    520                       580    -60      531
  SINCE JUL 1   1365                      1380    -15     1288

 COOLING
  YESTERDAY        0                         0      0        0
  MONTH TO DATE    0                         0      0        0
  SINCE SEP 1      0                         0      0        0
  SINCE JAN 1      0                         0      0        0
...................................................................


WIND (MPH)
  RESULTANT WIND SPEED  13   RESULTANT WIND DIRECTION   N (350)
  HIGHEST WIND SPEED    29   HIGHEST WIND DIRECTION     N (350)
  HIGHEST GUST SPEED    39   HIGHEST GUST DIRECTION     N (340)
  AVERAGE WIND SPEED    15.8


SKY COVER
  AVERAGE SKY COVER 0.9


WEATHER CONDITIONS
THE FOLLOWING WEATHER WAS RECORDED YESTERDAY.
  RAIN
  LIGHT RAIN
  FOG


RELATIVE HUMIDITY (PERCENT)
 HIGHEST   100
 LOWEST     89
 AVERAGE    95

..........................................................


THE COLD BAY CLIMATE NORMALS FOR TODAY
                         NORMAL    RECORD    YEAR
 MAXIMUM TEMPERATURE (F)   49        58      1963
 MINIMUM TEMPERATURE (F)   39        27      1992


SUNRISE AND SUNSET
OCTOBER  5 2022.......SUNRISE   9:02 AM AKDT  SUNSET   8:16 PM AKDT
OCTOBER  6 2022.......SUNRISE   9:04 AM AKDT  SUNSET   8:13 PM AKDT


-  INDICATES NEGATIVE NUMBERS.
R  INDICATES RECORD WAS SET OR TIED.
MM INDICATES DATA IS MISSING.
T  INDICATES TRACE AMOUNT.




$$
