000
CDUS45 KSLC 060735
CLICDC

CLIMATE REPORT
NATIONAL WEATHER SERVICE SALT LAKE CITY UT
135 AM MDT THU OCT 06 2022

...................................

...THE CEDAR CITY UT CLIMATE SUMMARY FOR OCTOBER 5 2022...

CLIMATE NORMAL PERIOD 1991 TO 2020
CLIMATE RECORD PERIOD 1928 TO 2022


WEATHER ITEM   OBSERVED TIME   RECORD YEAR NORMAL DEPARTURE LAST
                VALUE   (LST)  VALUE       VALUE  FROM      YEAR
                                                  NORMAL
...................................................................
TEMPERATURE (F)
 YESTERDAY
  MAXIMUM         73    500 PM  85    1975  72      1       68
                                      2020
  MINIMUM         38    649 AM  19    2013  38      0       50
  AVERAGE         56                        55      1       59

PRECIPITATION (IN)
  YESTERDAY        0.00          0.78 2011   0.04  -0.04     0.13
  MONTH TO DATE    T                         0.16  -0.16     0.13
  SINCE OCT 1      T                         0.16  -0.16     0.13
  SINCE JAN 1      5.70                      8.25  -2.55     6.90

DEGREE DAYS
 HEATING
  YESTERDAY        9                        10     -1        6
  MONTH TO DATE   27                        47    -20       41
  SINCE SEP 1     68                       155    -87      107
  SINCE JUL 1     68                       160    -92      115

 COOLING
  YESTERDAY        0                         0      0        0
  MONTH TO DATE    0                         0      0        0
  SINCE SEP 1    120                        50     70       93
  SINCE JAN 1    904                       678    226      963
...................................................................


WIND (MPH)
  RESULTANT WIND SPEED   1   RESULTANT WIND DIRECTION  NE (30)
  HIGHEST WIND SPEED     9   HIGHEST WIND DIRECTION     N (360)
  HIGHEST GUST SPEED    12   HIGHEST GUST DIRECTION    NE (30)
  AVERAGE WIND SPEED     2.8


WEATHER CONDITIONS
THE FOLLOWING WEATHER WAS RECORDED YESTERDAY.
  NO SIGNIFICANT WEATHER WAS OBSERVED.


RELATIVE HUMIDITY (PERCENT)
 HIGHEST    83           700 AM
 LOWEST     21           500 PM
 AVERAGE    52

..........................................................


THE CEDAR CITY UT CLIMATE NORMALS FOR TODAY
                         NORMAL    RECORD    YEAR
 MAXIMUM TEMPERATURE (F)   72        85      1979
 MINIMUM TEMPERATURE (F)   37        19      2009


SUNRISE AND SUNSET
OCTOBER  6 2022.......SUNRISE   732 AM MDT   SUNSET   708 PM MDT
OCTOBER  7 2022.......SUNRISE   733 AM MDT   SUNSET   706 PM MDT


-  INDICATES NEGATIVE NUMBERS.
R  INDICATES RECORD WAS SET OR TIED.
MM INDICATES DATA IS MISSING.
T  INDICATES TRACE AMOUNT.




$$
