000
CDUS45 KCYS 290730
CLICDR

CLIMATE REPORT
NATIONAL WEATHER SERVICE CHEYENNE WY
130 AM MDT THU SEP 29 2022

...................................

...THE CHADRON NEBRASKA AIRPORT CLIMATE SUMMARY FOR SEPTEMBER 28 2022...

CLIMATE NORMAL PERIOD 1991 TO 2020
CLIMATE RECORD PERIOD 1895 TO 2022


WEATHER ITEM   OBSERVED TIME   RECORD YEAR NORMAL DEPARTURE LAST
                VALUE   (LST)  VALUE       VALUE  FROM      YEAR
                                                  NORMAL
...................................................................
TEMPERATURE (F)
 YESTERDAY
  MAXIMUM         88    249 PM  94    1981  73     15       92
                                      2010
  MINIMUM         57    619 AM  25    1941  41     16       56
                                      1945
                                      1985
  AVERAGE         73                        57     16       74

PRECIPITATION (IN)
  YESTERDAY        0.00          0.67 1988   0.05  -0.05     0.00
  MONTH TO DATE    0.54                      1.49  -0.95     1.18
  SINCE SEP 1      0.54                      1.49  -0.95     1.18
  SINCE JAN 1     10.41                     13.13  -2.72     9.45

DEGREE DAYS
 HEATING
  YESTERDAY        0                         9     -9        0
  MONTH TO DATE   73                       122    -49       43
  SINCE SEP 1     73                       122    -49       43
  SINCE JUL 1     73                       145    -72       47

 COOLING
  YESTERDAY        8                         1      7        9
  MONTH TO DATE  147                        76     71      128
  SINCE SEP 1    147                        76     71      128
  SINCE JAN 1   1105                       804    301     1069
...................................................................


WIND (MPH)
  HIGHEST WIND SPEED    36   HIGHEST WIND DIRECTION     S (180)
  HIGHEST GUST SPEED    51   HIGHEST GUST DIRECTION     S (180)
  AVERAGE WIND SPEED    22.8


SKY COVER
  POSSIBLE SUNSHINE  MM
  AVERAGE SKY COVER 0.0


WEATHER CONDITIONS
THE FOLLOWING WEATHER WAS RECORDED YESTERDAY.
  NO SIGNIFICANT WEATHER WAS OBSERVED.


RELATIVE HUMIDITY (PERCENT)
 HIGHEST    51           600 AM
 LOWEST     21           300 PM
 AVERAGE    36

..........................................................


THE CHADRON NEBRASKA AIRPORT CLIMATE NORMALS FOR TODAY
                         NORMAL    RECORD    YEAR
 MAXIMUM TEMPERATURE (F)   72        93      1933
 MINIMUM TEMPERATURE (F)   41        17      1984


SUNRISE AND SUNSET
SEPTEMBER 29 2022.....SUNRISE   647 AM MDT   SUNSET   637 PM MDT
SEPTEMBER 30 2022.....SUNRISE   649 AM MDT   SUNSET   635 PM MDT


-  INDICATES NEGATIVE NUMBERS.
R  INDICATES RECORD WAS SET OR TIED.
MM INDICATES DATA IS MISSING.
T  INDICATES TRACE AMOUNT.




$$
