000
CDUS44 KLUB 260627
CLICDS

CLIMATE REPORT
NATIONAL WEATHER SERVICE LUBBOCK TX
127 AM CDT MON SEP 26 2022

...................................

...THE CHILDRESS CLIMATE SUMMARY FOR SEPTEMBER 25 2022...

CLIMATE NORMAL PERIOD 1991 TO 2020
CLIMATE RECORD PERIOD 1893 TO 2022


WEATHER ITEM   OBSERVED TIME   RECORD YEAR NORMAL DEPARTURE LAST
                VALUE   (LST)  VALUE       VALUE  FROM      YEAR
                                                  NORMAL
...................................................................
TEMPERATURE (F)
 YESTERDAY
  MAXIMUM         90    348 PM 101    2005  84      6       91
  MINIMUM         63    637 AM  39    2000  59      4       53
  AVERAGE         77                        71      6       72

PRECIPITATION (IN)
  YESTERDAY        0.00          1.77 1962   0.08  -0.08     0.00
  MONTH TO DATE    0.07                      2.04  -1.97     0.29
  SINCE SEP 1      0.07                      2.04  -1.97     0.29
  SINCE JAN 1     11.47                     19.37  -7.90    14.35

SNOWFALL (IN)
  YESTERDAY        0.0
  MONTH TO DATE    0.0
  SINCE SEP 1      0.0
  SINCE JUL 1      0.0
  SNOW DEPTH       0

DEGREE DAYS
 HEATING
  YESTERDAY        0                         1     -1        0
  MONTH TO DATE    0                         5     -5        0
  SINCE SEP 1      0                         5     -5        0
  SINCE JUL 1      0                         5     -5        0

 COOLING
  YESTERDAY       12                         7      5        7
  MONTH TO DATE  357                       263     94      370
  SINCE SEP 1    357                       263     94      370
  SINCE JAN 1   2742                      2145    597     2153
...................................................................


WIND (MPH)
  RESULTANT WIND SPEED   7   RESULTANT WIND DIRECTION  NE (60)
  HIGHEST WIND SPEED    23   HIGHEST WIND DIRECTION    NE (50)
  HIGHEST GUST SPEED    39   HIGHEST GUST DIRECTION    NE (50)
  AVERAGE WIND SPEED    10.3


SKY COVER
  AVERAGE SKY COVER 0.0


WEATHER CONDITIONS
THE FOLLOWING WEATHER WAS RECORDED YESTERDAY.
  NO SIGNIFICANT WEATHER WAS OBSERVED.


RELATIVE HUMIDITY (PERCENT)
 HIGHEST    63           700 AM
 LOWEST     17           300 PM
 AVERAGE    40

..........................................................


THE CHILDRESS CLIMATE NORMALS FOR TODAY
                         NORMAL    RECORD    YEAR
 MAXIMUM TEMPERATURE (F)   83       105      1953
                                             1977
 MINIMUM TEMPERATURE (F)   58        42      2000


SUNRISE AND SUNSET
SEPTEMBER 26 2022.....SUNRISE   732 AM CDT   SUNSET   732 PM CDT
SEPTEMBER 27 2022.....SUNRISE   733 AM CDT   SUNSET   731 PM CDT


-  INDICATES NEGATIVE NUMBERS.
R  INDICATES RECORD WAS SET OR TIED.
MM INDICATES DATA IS MISSING.
T  INDICATES TRACE AMOUNT.




$$
