000
CDUS46 KEKA 061208
CLICEC

CLIMATE REPORT
NATIONAL WEATHER SERVICE EUREKA CA
508 AM PDT THU OCT 06 2022

...................................

...THE CRESCENT CITY CA CLIMATE SUMMARY FOR OCTOBER 5 2022...

CLIMATE NORMAL PERIOD: 1991 TO 2020
CLIMATE RECORD PERIOD: 1894 TO 2022


WEATHER ITEM   OBSERVED TIME   RECORD YEAR NORMAL DEPARTURE LAST
                VALUE   (LST)  VALUE       VALUE  FROM      YEAR
                                                  NORMAL
...................................................................
TEMPERATURE (F)
 YESTERDAY
  MAXIMUM         61  12:15 PM  88    1987  64     -3       59
  MINIMUM         52   2:21 AM  37    1916  48      4       49
                                      2007
  AVERAGE         57                        56      1       54

PRECIPITATION (IN)
  YESTERDAY        0.00          2.00 1922   0.09  -0.09     0.23
  MONTH TO DATE    0.00                      0.44  -0.44     0.23
  SINCE OCT 1      0.00                      0.44  -0.44     0.23
  SINCE JAN 1     22.23                     35.39 -13.16    37.23

SNOWFALL (IN)
  YESTERDAY       MM            MM      MM  MM     MM       MM
  MONTH TO DATE   MM                         0.0   MM       MM
  SINCE SEP 1      0.0                      MM     MM        0.0
  SINCE JUL 1      0.0                      MM     MM        0.0
  SNOW DEPTH      MM

DEGREE DAYS
 HEATING
  YESTERDAY        8                         9     -1       11
  MONTH TO DATE   33                        45    -12       54
  SINCE SEP 1    210                       276    -66      314
  SINCE JUL 1    545                       717   -172      776

 COOLING
  YESTERDAY        0                         0      0        0
  MONTH TO DATE    0                         0      0        0
  SINCE SEP 1      0                         1     -1        3
  SINCE JAN 1      0                         2     -2        3
...................................................................


WIND (MPH)
  HIGHEST WIND SPEED     9   HIGHEST WIND DIRECTION     S (180)
  HIGHEST GUST SPEED    12   HIGHEST GUST DIRECTION     W (260)
  AVERAGE WIND SPEED     4.0


SKY COVER
  AVERAGE SKY COVER 0.9


WEATHER CONDITIONS
THE FOLLOWING WEATHER WAS RECORDED YESTERDAY.
  FOG


RELATIVE HUMIDITY (PERCENT)
 HIGHEST   100
 LOWEST     81
 AVERAGE    91

..........................................................


THE CRESCENT CITY CA CLIMATE NORMALS FOR TODAY
                         NORMAL    RECORD    YEAR
 MAXIMUM TEMPERATURE (F)   63        88      1956
                                             1976
 MINIMUM TEMPERATURE (F)   48        37      1908


SUNRISE AND SUNSET
OCTOBER  6 2022.......SUNRISE   7:19 AM PDT   SUNSET   6:50 PM PDT
OCTOBER  7 2022.......SUNRISE   7:20 AM PDT   SUNSET   6:48 PM PDT


-  INDICATES NEGATIVE NUMBERS.
R  INDICATES RECORD WAS SET OR TIED.
MM INDICATES DATA IS MISSING.
T  INDICATES TRACE AMOUNT.




$$
