000
CDUS43 KPAH 060628
CLICGI

CLIMATE REPORT
NATIONAL WEATHER SERVICE PADUCAH KY
128 AM CDT THU OCT 06 2022

...................................

...THE CAPE GIRARDEAU MO CLIMATE SUMMARY FOR OCTOBER 5 2022...

CLIMATE NORMAL PERIOD 1991 TO 2020
CLIMATE RECORD PERIOD 1960 TO 2022


WEATHER ITEM   OBSERVED TIME   RECORD YEAR NORMAL DEPARTURE LAST
                VALUE   (LST)  VALUE       VALUE  FROM      YEAR
                                                  NORMAL
...................................................................
TEMPERATURE (F)
 YESTERDAY
  MAXIMUM         80    313 PM  90    2018  75      5       81
  MINIMUM         34    618 AM  29    1999  50    -16       53
  AVERAGE         57                        63     -6       67

PRECIPITATION (IN)
  YESTERDAY        0.00          1.35 1998   0.11  -0.11     0.25
  MONTH TO DATE    0.00                      0.55  -0.55     1.61
  SINCE SEP 1      0.63                      4.16  -3.53     2.94
  SINCE JAN 1     33.67                     37.02  -3.35    35.15

DEGREE DAYS
 HEATING
  YESTERDAY        8                         4      4        0
  MONTH TO DATE   32                        20     12        0
  SINCE SEP 1     72                        57     15       16
  SINCE JUL 1     72                        58     14       16

 COOLING
  YESTERDAY        0                         2     -2        2
  MONTH TO DATE    0                        13    -13       30
  SINCE SEP 1    193                       192      1      246
  SINCE JAN 1   1672                      1537    135     1593
...................................................................


WIND (MPH)
  HIGHEST WIND SPEED    10   HIGHEST WIND DIRECTION     W (260)
  HIGHEST GUST SPEED    16   HIGHEST GUST DIRECTION    SW (220)
  AVERAGE WIND SPEED     1.7


SKY COVER
  AVERAGE SKY COVER 0.0


WEATHER CONDITIONS
THE FOLLOWING WEATHER WAS RECORDED YESTERDAY.
  FOG
  FOG W/VISIBILITY <= 1/4 MILE
  HAZE


RELATIVE HUMIDITY (PERCENT)
 HIGHEST   100           200 AM
 LOWEST     20           400 PM
 AVERAGE    60

..........................................................


THE CAPE GIRARDEAU MO CLIMATE NORMALS FOR TODAY
                         NORMAL    RECORD    YEAR
 MAXIMUM TEMPERATURE (F)   75        90      2018
 MINIMUM TEMPERATURE (F)   50        29      1964


SUNRISE AND SUNSET
OCTOBER  6 2022.......SUNRISE   658 AM CDT   SUNSET   634 PM CDT
OCTOBER  7 2022.......SUNRISE   659 AM CDT   SUNSET   633 PM CDT


-  INDICATES NEGATIVE NUMBERS.
R  INDICATES RECORD WAS SET OR TIED.
MM INDICATES DATA IS MISSING.
T  INDICATES TRACE AMOUNT.




$$
