000
CDUS44 KMRX 020911
CLICHA

CLIMATE REPORT
NATIONAL WEATHER SERVICE MORRISTOWN, TN
511 AM EDT SUN OCT 02 2022

...................................

...THE CHATTANOOGA AIRPORT CLIMATE SUMMARY FOR OCTOBER 1 2022...

CLIMATE NORMAL PERIOD: 1991 TO 2020
CLIMATE RECORD PERIOD: 1879 TO 2022


WEATHER ITEM   OBSERVED TIME   RECORD YEAR NORMAL DEPARTURE LAST
                VALUE   (LST)  VALUE       VALUE  FROM      YEAR
                                                  NORMAL
...................................................................
TEMPERATURE (F)
 YESTERDAY
  MAXIMUM         78   2:58 PM  97    2019  80     -2       85
  MINIMUM         50   6:55 AM  39    1946  58     -8       66
                                      1949
                                      1972
  AVERAGE         64                        69     -5       76

PRECIPITATION (IN)
  YESTERDAY        0.00          2.58 1985   0.14  -0.14     0.00
  MONTH TO DATE    0.00                      0.14  -0.14     0.00
  SINCE SEP 1      3.08                      4.37  -1.29     6.67
  SINCE JAN 1     44.66                     41.50   3.16    52.60

SNOWFALL (IN)
  YESTERDAY        0.0                       0.0    0.0      0.0
  MONTH TO DATE    0.0                       0.0    0.0      0.0
  SINCE SEP 1      0.0                       0.0    0.0      0.0
  SINCE JUL 1      0.0                       0.0    0.0      0.0
  SNOW DEPTH       0

DEGREE DAYS
 HEATING
  YESTERDAY        1                         1      0        0
  MONTH TO DATE    1                         1      0        0
  SINCE SEP 1     11                         8      3        6
  SINCE JUL 1     11                         8      3        6

 COOLING
  YESTERDAY        0                         5     -5       11
  MONTH TO DATE    0                         5     -5       11
  SINCE SEP 1    260                       281    -21      260
  SINCE JAN 1   2063                      1854    209     1821
...................................................................


WIND (MPH)
  HIGHEST WIND SPEED    21   HIGHEST WIND DIRECTION     N (360)
  HIGHEST GUST SPEED    28   HIGHEST GUST DIRECTION    NW (330)
  AVERAGE WIND SPEED     6.7


SKY COVER
  POSSIBLE SUNSHINE  MM
  AVERAGE SKY COVER 0.2


WEATHER CONDITIONS
THE FOLLOWING WEATHER WAS RECORDED YESTERDAY.
  NO SIGNIFICANT WEATHER WAS OBSERVED.


RELATIVE HUMIDITY (PERCENT)
 HIGHEST    80          11:00 PM
 LOWEST     43           1:00 PM
 AVERAGE    62

..........................................................


THE CHATTANOOGA AIRPORT CLIMATE NORMALS FOR TODAY
                         NORMAL    RECORD    YEAR
 MAXIMUM TEMPERATURE (F)   79       100      2019
 MINIMUM TEMPERATURE (F)   58        36      1895
                                             1984


SUNRISE AND SUNSET
OCTOBER  2 2022.......SUNRISE   7:36 AM EDT   SUNSET   7:23 PM EDT
OCTOBER  3 2022.......SUNRISE   7:37 AM EDT   SUNSET   7:22 PM EDT


-  INDICATES NEGATIVE NUMBERS.
R  INDICATES RECORD WAS SET OR TIED.
MM INDICATES DATA IS MISSING.
T  INDICATES TRACE AMOUNT.




$$
