000
CDUS41 KLWX 010531
CLICHO

CLIMATE REPORT
NATIONAL WEATHER SERVICE BALTIMORE MD/WASHINGTON DC
131 AM EDT SAT OCT 01 2022

...................................

...THE CHARLOTTESVILLE VA CLIMATE SUMMARY FOR SEPTEMBER 30 2022...

CLIMATE NORMAL PERIOD: 1991 TO 2020
CLIMATE RECORD PERIOD: 1998 TO 2022


WEATHER ITEM   OBSERVED TIME   NORMAL DEPARTURE LAST
                VALUE   (LST)  VALUE  FROM      YEAR
                                      NORMAL
.......................................................
TEMPERATURE (F)
 YESTERDAY
  MAXIMUM         60  12:06 PM  76    -16       78
  MINIMUM         54   5:50 AM  54      0       50
  AVERAGE         57            65     -8       64

PRECIPITATION (IN)
  YESTERDAY        0.74          0.16   0.58     0.00
  MONTH TO DATE    3.35          4.09  -0.74     2.59
  SINCE SEP 1      3.35          4.09  -0.74     2.59
  SINCE JAN 1     34.44         31.90   2.54    28.49

DEGREE DAYS
 HEATING
  YESTERDAY        8             3      5        1
  MONTH TO DATE   27            26      1        9
  SINCE SEP 1     27            26      1        9
  SINCE JUL 1     27            27      0        9

 COOLING
  YESTERDAY        0             3     -3        0
  MONTH TO DATE  194           189      5      199
  SINCE SEP 1    194           189      5      199
  SINCE JAN 1   1506          1460     46     1597
.......................................................


WIND (MPH)
  HIGHEST WIND SPEED    29   HIGHEST WIND DIRECTION     N (20)
  HIGHEST GUST SPEED    40   HIGHEST GUST DIRECTION    NE (40)
  AVERAGE WIND SPEED    13.5


SKY COVER
  AVERAGE SKY COVER 0.6


WEATHER CONDITIONS
THE FOLLOWING WEATHER WAS RECORDED YESTERDAY.
  HEAVY RAIN
  RAIN
  LIGHT RAIN
  FOG


RELATIVE HUMIDITY (PERCENT)
 HIGHEST    89           8:00 PM
 LOWEST     64           7:00 AM
 AVERAGE    77

..........................................................


THE CHARLOTTESVILLE VA CLIMATE NORMALS FOR TODAY
                         NORMAL




SUNRISE AND SUNSET
OCTOBER  1 2022.......SUNRISE   7:10 AM EDT   SUNSET   6:57 PM EDT
OCTOBER  2 2022.......SUNRISE   7:10 AM EDT   SUNSET   6:55 PM EDT


-  INDICATES NEGATIVE NUMBERS.
R  INDICATES RECORD WAS SET OR TIED.
MM INDICATES DATA IS MISSING.
T  INDICATES TRACE AMOUNT.




$$
