000
CDUS42 KCHS 060601
CLICHS

CLIMATE REPORT
NATIONAL WEATHER SERVICE CHARLESTON SC
201 AM EDT THU OCT 06 2022

...................................

...THE NORTH CHARLESTON SC CLIMATE SUMMARY FOR OCTOBER 5 2022...

CLIMATE NORMAL PERIOD 1991 TO 2020
CLIMATE RECORD PERIOD 1937 TO 2022


WEATHER ITEM   OBSERVED TIME   RECORD YEAR NORMAL DEPARTURE LAST
                VALUE   (LST)  VALUE       VALUE  FROM      YEAR
                                                  NORMAL
...................................................................
TEMPERATURE (F)
 YESTERDAY
  MAXIMUM         77    309 PM  94    1954  81     -4       79
                                      1986
  MINIMUM         51    643 AM  42    1974  62    -11       67
  AVERAGE         64                        72     -8       73

PRECIPITATION (IN)
  YESTERDAY        0.00          2.43 2021   0.19  -0.19     2.43
  MONTH TO DATE    T                         0.95  -0.95     2.51
  SINCE SEP 1      7.92                      6.96   0.96     9.79
  SINCE JAN 1     44.64                     43.12   1.52    52.55

SNOWFALL (IN)
  YESTERDAY        0.0                       0.0    0.0
  SINCE SEP 1      0.0                       0.0    0.0
  SINCE JUL 1      0.0                       0.0    0.0

DEGREE DAYS
 HEATING
  YESTERDAY        1                         1      0        0
  MONTH TO DATE   12                         1     11        0
  SINCE SEP 1     18                         3     15        0
  SINCE JUL 1     18                         3     15        0

 COOLING
  YESTERDAY        0                         7     -7        8
  MONTH TO DATE    2                        38    -36       45
  SINCE SEP 1    360                       395    -35      389
  SINCE JAN 1   2381                      2288     93     2203
...................................................................


WIND (MPH)
  HIGHEST WIND SPEED    16   HIGHEST WIND DIRECTION    NW (320)
  HIGHEST GUST SPEED    20   HIGHEST GUST DIRECTION    NW (330)
  AVERAGE WIND SPEED     5.6


SKY COVER
  POSSIBLE SUNSHINE  MM
  AVERAGE SKY COVER 0.1


WEATHER CONDITIONS
THE FOLLOWING WEATHER WAS RECORDED YESTERDAY.
  NO SIGNIFICANT WEATHER WAS OBSERVED.


RELATIVE HUMIDITY (PERCENT)
 HIGHEST    93           400 AM
 LOWEST     33           200 PM
 AVERAGE    63

..........................................................


THE NORTH CHARLESTON SC CLIMATE NORMALS FOR TODAY
                         NORMAL    RECORD    YEAR
 MAXIMUM TEMPERATURE (F)   81        93      1954
 MINIMUM TEMPERATURE (F)   62        45      1964


SUNRISE AND SUNSET
OCTOBER  6 2022.......SUNRISE   718 AM EDT   SUNSET   658 PM EDT
OCTOBER  7 2022.......SUNRISE   718 AM EDT   SUNSET   657 PM EDT


-  INDICATES NEGATIVE NUMBERS.
R  INDICATES RECORD WAS SET OR TIED.
MM INDICATES DATA IS MISSING.
T  INDICATES TRACE AMOUNT.




$$
