000
CDUS43 KDVN 260758
CLICID

CLIMATE REPORT
NATIONAL WEATHER SERVICE QUAD CITIES IA IL
258 AM CDT MON SEP 26 2022

...................................

...THE CEDAR RAPIDS IA CLIMATE SUMMARY FOR SEPTEMBER 25 2022...

CLIMATE NORMAL PERIOD 1991 TO 2020
CLIMATE RECORD PERIOD 1891 TO 2022


WEATHER ITEM   OBSERVED TIME   RECORD YEAR NORMAL DEPARTURE LAST
                VALUE   (LST)  VALUE       VALUE  FROM      YEAR
                                                  NORMAL
...................................................................
TEMPERATURE (F)
 YESTERDAY
  MAXIMUM         76    200 PM  93    1920  71      5       73
  MINIMUM         49   1008 PM  29    1928  48      1       38
  AVERAGE         63                        60      3       56

PRECIPITATION (IN)
  YESTERDAY        0.00          2.26 1993   0.11  -0.11     0.00
  MONTH TO DATE    1.69                      2.90  -1.21     1.58
  SINCE SEP 1      1.69                      2.90  -1.21     1.58
  SINCE JAN 1     21.97                     28.91  -6.94    15.53

DEGREE DAYS
 HEATING
  YESTERDAY        2                         7     -5        9
  MONTH TO DATE   31                        91    -60       41
  SINCE SEP 1     31                        91    -60       41
  SINCE JUL 1     31                       109    -78       41

 COOLING
  YESTERDAY        0                         1     -1        0
  MONTH TO DATE  117                        72     45       65
  SINCE SEP 1    117                        72     45       65
  SINCE JAN 1    905                       741    164      917
...................................................................


WIND (MPH)
  HIGHEST WIND SPEED    29   HIGHEST WIND DIRECTION    NW (300)
  HIGHEST GUST SPEED    42   HIGHEST GUST DIRECTION     W (290)
  AVERAGE WIND SPEED    15.4


SKY COVER
  POSSIBLE SUNSHINE  MM
  AVERAGE SKY COVER 0.0


WEATHER CONDITIONS
THE FOLLOWING WEATHER WAS RECORDED YESTERDAY.
  NO SIGNIFICANT WEATHER WAS OBSERVED.


RELATIVE HUMIDITY (PERCENT)
 HIGHEST    86           600 AM
 LOWEST     27           400 PM
 AVERAGE    57

..........................................................


THE CEDAR RAPIDS IA CLIMATE NORMALS FOR TODAY
                         NORMAL    RECORD    YEAR
 MAXIMUM TEMPERATURE (F)   71        88      1908
                                             2021
 MINIMUM TEMPERATURE (F)   48        24      1926


SUNRISE AND SUNSET
SEPTEMBER 26 2022.....SUNRISE   658 AM CDT   SUNSET   657 PM CDT
SEPTEMBER 27 2022.....SUNRISE   700 AM CDT   SUNSET   655 PM CDT


-  INDICATES NEGATIVE NUMBERS.
R  INDICATES RECORD WAS SET OR TIED.
MM INDICATES DATA IS MISSING.
T  INDICATES TRACE AMOUNT.




$$
