000
CDUS41 KRLX 052120
CLICKB

CLIMATE REPORT
NATIONAL WEATHER SERVICE CHARLESTON WV
520 PM EDT WED OCT 05 2022

...................................

...THE CLARKSBURG WV CLIMATE SUMMARY FOR OCTOBER 5 2022...
VALID TODAY AS OF 0500 PM LOCAL TIME.

CLIMATE NORMAL PERIOD: 1991 TO 2020
CLIMATE RECORD PERIOD: 1922 TO 2022


WEATHER ITEM   OBSERVED TIME   RECORD YEAR NORMAL DEPARTURE LAST
                VALUE   (LST)  VALUE       VALUE  FROM      YEAR
                                                  NORMAL
...................................................................
TEMPERATURE (F)
 TODAY
  MAXIMUM         72   3:59 PM  90    1959  72      0       82
  MINIMUM         47   6:58 AM  25    1974  48     -1       55
  AVERAGE         60                        60      0       69

PRECIPITATION (IN)
  TODAY            0.00          1.10 1925   0.10  -0.10     0.00
  MONTH TO DATE    1.19                      0.51   0.68     0.17
  SINCE SEP 1      3.86                      4.02  -0.16     3.01
  SINCE JAN 1     38.98                     35.78   3.20    28.68

DEGREE DAYS
 HEATING
  TODAY            5                         6     -1        0
  MONTH TO DATE   46                        28     18       14
  SINCE SEP 1    107                        87     20       63
  SINCE JUL 1    107                        90     17       63

 COOLING
  TODAY            0                         1     -1        4
  MONTH TO DATE    0                         8     -8        7
  SINCE SEP 1    134                       131      3      119
  SINCE JAN 1   1118                      1015    103     1009
...................................................................


WIND (MPH)
  HIGHEST WIND SPEED    13   HIGHEST WIND DIRECTION    SW (230)
  HIGHEST GUST SPEED    17   HIGHEST GUST DIRECTION    SW (210)
  AVERAGE WIND SPEED     2.1


SKY COVER
  AVERAGE SKY COVER 0.5


WEATHER CONDITIONS
THE FOLLOWING WEATHER WAS RECORDED TODAY.
  NO SIGNIFICANT WEATHER WAS OBSERVED.


RELATIVE HUMIDITY (PERCENT)
 HIGHEST    86
 LOWEST     29
 AVERAGE    58

..........................................................


THE CLARKSBURG WV CLIMATE NORMALS FOR TOMORROW
                         NORMAL    RECORD    YEAR
 MAXIMUM TEMPERATURE (F)   72        90      1959
 MINIMUM TEMPERATURE (F)   48        28      1964
                                             1965


SUNRISE AND SUNSET
OCTOBER  5 2022.......SUNRISE   7:21 AM EDT   SUNSET   6:57 PM EDT
OCTOBER  6 2022.......SUNRISE   7:22 AM EDT   SUNSET   6:56 PM EDT


-  INDICATES NEGATIVE NUMBERS.
R  INDICATES RECORD WAS SET OR TIED.
MM INDICATES DATA IS MISSING.
T  INDICATES TRACE AMOUNT.




$$
