000
CDUS41 KCLE 010527
CLICLE

CLIMATE REPORT
NATIONAL WEATHER SERVICE CLEVELAND, OH
127 AM EDT SAT OCT 01 2022

...................................

...THE CLEVELAND OH CLIMATE SUMMARY FOR SEPTEMBER 30 2022...

CLIMATE NORMAL PERIOD 1991 TO 2020
CLIMATE RECORD PERIOD 1871 TO 2022


WEATHER ITEM   OBSERVED TIME   RECORD YEAR NORMAL DEPARTURE LAST
                VALUE   (LST)  VALUE       VALUE  FROM      YEAR
                                                  NORMAL
...................................................................
TEMPERATURE (F)
 YESTERDAY
  MAXIMUM         63    339 PM  86    1877  70     -7       68
                                      1881
  MINIMUM         39    439 AM  35    1963  52    -13       46
  AVERAGE         51                        61    -10       57

PRECIPITATION (IN)
  YESTERDAY        0.00                      0.12  -0.12     0.00
  MONTH TO DATE    3.60                      3.93  -0.33     3.05
  SINCE SEP 1      3.60                      3.93  -0.33     3.05
  SINCE JAN 1     33.11                     31.07   2.04    32.98

SNOWFALL (IN)
  YESTERDAY        0.0                       0.0    0.0      0.0
  MONTH TO DATE    0.0                       0.0    0.0      0.0
  SINCE SEP 1      0.0                       0.0    0.0      0.0
  SINCE JUL 1      0.0                       0.0    0.0      0.0
  SNOW DEPTH       0

DEGREE DAYS
 HEATING
  YESTERDAY       14                         6      8        8
  MONTH TO DATE   76                        70      6       40
  SINCE SEP 1     76                        70      6       40
  SINCE JUL 1     76                        76      0       40

 COOLING
  YESTERDAY        0                         2     -2        0
  MONTH TO DATE  108                       110     -2      126
  SINCE SEP 1    108                       110     -2      126
  SINCE JAN 1    991                       928     63     1011
...................................................................


WIND (MPH)
  HIGHEST WIND SPEED    15   HIGHEST WIND DIRECTION    NE (30)
  HIGHEST GUST SPEED    19   HIGHEST GUST DIRECTION     N (20)
  AVERAGE WIND SPEED     6.6


SKY COVER
  POSSIBLE SUNSHINE  MM
  AVERAGE SKY COVER 0.4


WEATHER CONDITIONS
THE FOLLOWING WEATHER WAS RECORDED YESTERDAY.
  NO SIGNIFICANT WEATHER WAS OBSERVED.


RELATIVE HUMIDITY (PERCENT)
 HIGHEST    89           100 AM
 LOWEST     38           400 PM
 AVERAGE    64

..........................................................


THE CLEVELAND OH CLIMATE NORMALS FOR TODAY
                         NORMAL    RECORD    YEAR
 MAXIMUM TEMPERATURE (F)   70        93      2019
 MINIMUM TEMPERATURE (F)   52        34      1947
                                             1960


SUNRISE AND SUNSET
OCTOBER  1 2022.......SUNRISE   724 AM EDT   SUNSET   709 PM EDT
OCTOBER  2 2022.......SUNRISE   725 AM EDT   SUNSET   707 PM EDT


-  INDICATES NEGATIVE NUMBERS.
R  INDICATES RECORD WAS SET OR TIED.
MM INDICATES DATA IS MISSING.
T  INDICATES TRACE AMOUNT.




$$
