000
CDUS44 KHGX 060659
CLICLL

CLIMATE REPORT
NATIONAL WEATHER SERVICE HOUSTON/GALVESTON TX
159 AM CDT THU OCT 06 2022

...................................

...THE COLLEGE STATION CLIMATE SUMMARY FOR OCTOBER 5 2022...

CLIMATE NORMAL PERIOD: 1991 TO 2020
CLIMATE RECORD PERIOD: 1902 TO 2022


WEATHER ITEM   OBSERVED TIME   RECORD YEAR NORMAL DEPARTURE LAST
                VALUE   (LST)  VALUE       VALUE  FROM      YEAR
                                                  NORMAL
...................................................................
TEMPERATURE (F)
 YESTERDAY
  MAXIMUM         90   3:54 PM  99    1892  86      4       88
  MINIMUM         59   5:04 AM  45    1932  64     -5       60
  AVERAGE         75                        75      0       74

PRECIPITATION (IN)
  YESTERDAY        0.00          2.36 2003   0.15  -0.15     0.00
  MONTH TO DATE    0.00                      0.72  -0.72     1.15
  SINCE SEP 1      2.54                      4.22  -1.68     3.90
  SINCE JAN 1     22.57                     30.52  -7.95    30.58

SNOWFALL (IN)
  YESTERDAY        0.0
  MONTH TO DATE    0.0
  SINCE SEP 1      0.0
  SINCE JUL 1      0.0

DEGREE DAYS
 HEATING
  YESTERDAY        0                         0      0        0
  MONTH TO DATE    0                         0      0        0
  SINCE SEP 1      0                         1     -1        0
  SINCE JUL 1      0                         1     -1        0

 COOLING
  YESTERDAY       10                        10      0        9
  MONTH TO DATE   44                        53     -9       66
  SINCE SEP 1    542                       522     20      565
  SINCE JAN 1   3589                      2924    665     2901
...................................................................


WIND (MPH)
  HIGHEST WIND SPEED    10   HIGHEST WIND DIRECTION    NE (50)
  HIGHEST GUST SPEED    15   HIGHEST GUST DIRECTION     N (360)
  AVERAGE WIND SPEED     2.9


WEATHER CONDITIONS
THE FOLLOWING WEATHER WAS RECORDED YESTERDAY.
  NO SIGNIFICANT WEATHER WAS OBSERVED.


RELATIVE HUMIDITY (PERCENT)
 HIGHEST    67
 LOWEST     22
 AVERAGE    45

..........................................................


THE COLLEGE STATION CLIMATE NORMALS FOR TODAY
                         NORMAL    RECORD    YEAR
 MAXIMUM TEMPERATURE (F)   86       100      1892
 MINIMUM TEMPERATURE (F)   64        44      1915


SUNRISE AND SUNSET
OCTOBER  6 2022.......SUNRISE   7:22 AM CDT   SUNSET   7:05 PM CDT
OCTOBER  7 2022.......SUNRISE   7:23 AM CDT   SUNSET   7:03 PM CDT


-  INDICATES NEGATIVE NUMBERS.
R  INDICATES RECORD WAS SET OR TIED.
MM INDICATES DATA IS MISSING.
T  INDICATES TRACE AMOUNT.




$$
