000
CDUS42 KGSP 290635
CLICLT

CLIMATE REPORT
NATIONAL WEATHER SERVICE GREENVILLE-SPARTANBURG SC
235 AM EDT THU SEP 29 2022

...................................

...THE CHARLOTTE NC CLIMATE SUMMARY FOR SEPTEMBER 28 2022...

CLIMATE NORMAL PERIOD 1991 TO 2020
CLIMATE RECORD PERIOD 1878 TO 2022


WEATHER ITEM   OBSERVED TIME   RECORD YEAR NORMAL DEPARTURE LAST
                VALUE   (LST)  VALUE       VALUE  FROM      YEAR
                                                  NORMAL
...................................................................
TEMPERATURE (F)
 YESTERDAY
  MAXIMUM         69    150 PM  93    1954  79    -10       86
                                      2017
  MINIMUM         46    432 AM  41    1947  58    -12       57
  AVERAGE         58                        69    -11       72

PRECIPITATION (IN)
  YESTERDAY        0.00          3.38 1992   0.14  -0.14     0.00
  MONTH TO DATE    2.34                      3.44  -1.10     2.77
  SINCE SEP 1      2.34                      3.44  -1.10     2.77
  SINCE JAN 1     30.73                     33.29  -2.56    31.40

SNOWFALL (IN)
  YESTERDAY        0.0           0.0    MM   0.0    0.0      0.0
  MONTH TO DATE    0.0                       0.0    0.0      0.0
  SINCE SEP 1      0.0                       0.0    0.0      0.0
  SINCE JUL 1      0.0                       0.0    0.0      0.0
  SNOW DEPTH       0

DEGREE DAYS
 HEATING
  YESTERDAY        7                         1      6        0
  MONTH TO DATE   11                         8      3        3
  SINCE SEP 1     11                         8      3        3
  SINCE JUL 1     11                         8      3        3

 COOLING
  YESTERDAY        0                         5     -5        7
  MONTH TO DATE  248                       235     13      224
  SINCE SEP 1    248                       235     13      224
  SINCE JAN 1   1962                      1698    264     1779
...................................................................


WIND (MPH)
  HIGHEST WIND SPEED    20   HIGHEST WIND DIRECTION     N (10)
  HIGHEST GUST SPEED    27   HIGHEST GUST DIRECTION     N (10)
  AVERAGE WIND SPEED     9.0


SKY COVER
  POSSIBLE SUNSHINE  MM
  AVERAGE SKY COVER 0.8


WEATHER CONDITIONS
THE FOLLOWING WEATHER WAS RECORDED YESTERDAY.
  NO SIGNIFICANT WEATHER WAS OBSERVED.


RELATIVE HUMIDITY (PERCENT)
 HIGHEST    77           600 AM
 LOWEST     32          1200 PM
 AVERAGE    55

..........................................................


THE CHARLOTTE NC CLIMATE NORMALS FOR TODAY
                         NORMAL    RECORD    YEAR
 MAXIMUM TEMPERATURE (F)   79        96      2019
 MINIMUM TEMPERATURE (F)   58        40      1942


SUNRISE AND SUNSET
SEPTEMBER 29 2022.....SUNRISE   717 AM EDT   SUNSET   710 PM EDT
SEPTEMBER 30 2022.....SUNRISE   718 AM EDT   SUNSET   709 PM EDT


-  INDICATES NEGATIVE NUMBERS.
R  INDICATES RECORD WAS SET OR TIED.
MM INDICATES DATA IS MISSING.
T  INDICATES TRACE AMOUNT.




$$
