000
CDUS46 KLOX 260845
CLICMA

CLIMATE REPORT
NATIONAL WEATHER SERVICE LOS ANGELES/OXNARD
145 AM PDT MON SEP 26 2022

...................................

...THE CAMARILLO AIRPORT CA CLIMATE SUMMARY FOR SEPTEMBER 25 2022...

CLIMATE NORMAL PERIOD: 1991 TO 2020
CLIMATE RECORD PERIOD: 1923 TO 2022


WEATHER ITEM   OBSERVED TIME   RECORD YEAR NORMAL DEPARTURE LAST
                VALUE   (LST)  VALUE       VALUE  FROM      YEAR
                                                  NORMAL
...................................................................
TEMPERATURE (F)
 YESTERDAY
  MAXIMUM         79   1:29 PM 104    2016  79      0       74
  MINIMUM         62   4:27 AM  43    1924  58      4       61
                                      1934
  AVERAGE         71                        68      3       68

PRECIPITATION (IN)
  YESTERDAY        0.00          1.67 1939   0.00   0.00     0.00
  MONTH TO DATE    0.17                      0.04   0.13     0.00
  SINCE JUL 1      0.17                      0.06   0.11     0.01
  SINCE OCT 1     11.61                     11.99  -0.38     2.94
  SINCE JAN 1      1.88                      8.91  -7.03     1.83

SNOWFALL (IN)
  YESTERDAY       MM
  MONTH TO DATE   MM
  SINCE SEP 1     MM
  SINCE JUL 1     MM

DEGREE DAYS
 HEATING
  YESTERDAY        0                         0      0        0
  MONTH TO DATE    0                         0      0        0
  SINCE SEP 1      0                         0      0        0
  SINCE JUL 1      0                         4     -4        0

 COOLING
  YESTERDAY        6                         4      2        3
  MONTH TO DATE  223                       127     96      121
  SINCE SEP 1    223                       127     96      121
  SINCE JAN 1    652                       531    121      766
...................................................................


WIND (MPH)
  HIGHEST WIND SPEED    12   HIGHEST WIND DIRECTION    SW (240)
  HIGHEST GUST SPEED    16   HIGHEST GUST DIRECTION     W (260)
  AVERAGE WIND SPEED     3.8


SKY COVER
  POSSIBLE SUNSHINE  MM
  AVERAGE SKY COVER 0.2


WEATHER CONDITIONS
THE FOLLOWING WEATHER WAS RECORDED YESTERDAY.
  FOG
  HAZE


RELATIVE HUMIDITY (PERCENT)
 HIGHEST    93           6:00 AM
 LOWEST     56           2:00 PM
 AVERAGE    75

..........................................................


THE CAMARILLO AIRPORT CA CLIMATE NORMALS FOR TODAY
                         NORMAL    RECORD    YEAR
 MAXIMUM TEMPERATURE (F)   79       104      2016
 MINIMUM TEMPERATURE (F)   58        42      1924


SUNRISE AND SUNSET
SEPTEMBER 26 2022.....SUNRISE   6:47 AM PDT   SUNSET   6:47 PM PDT
SEPTEMBER 27 2022.....SUNRISE   6:48 AM PDT   SUNSET   6:46 PM PDT


-  INDICATES NEGATIVE NUMBERS.
R  INDICATES RECORD WAS SET OR TIED.
MM INDICATES DATA IS MISSING.
T  INDICATES TRACE AMOUNT.




$$
