000
CDUS41 KILN 260559
CLICMH

CLIMATE REPORT
NATIONAL WEATHER SERVICE WILMINGTON OH
159 AM EDT MON SEP 26 2022

...................................

...THE COLUMBUS OH CLIMATE SUMMARY FOR SEPTEMBER 25 2022...

CLIMATE NORMAL PERIOD: 1991 TO 2020
CLIMATE RECORD PERIOD: 1869 TO 2022


WEATHER ITEM   OBSERVED TIME   RECORD YEAR NORMAL DEPARTURE LAST
                VALUE   (LST)  VALUE       VALUE  FROM      YEAR
                                                  NORMAL
...................................................................
TEMPERATURE (F)
 YESTERDAY
  MAXIMUM         71  12:00 PM  93    1900  75     -4       69
  MINIMUM         58  11:59 PM  33    1950  53      5       49
                                      1967
  AVERAGE         65                        64      1       59

PRECIPITATION (IN)
  YESTERDAY        0.52          0.91 1994   0.10   0.42     0.00
  MONTH TO DATE    3.09                      2.67   0.42     1.97
  SINCE SEP 1      3.09                      2.67   0.42     1.97
  SINCE JAN 1     39.77                     32.28   7.49    30.42

SNOWFALL (IN)
  YESTERDAY        0.0          MM      MM   0.0    0.0      0.0
  MONTH TO DATE    0.0                       0.0    0.0      0.0
  SINCE SEP 1      0.0                       0.0    0.0      0.0
  SINCE JUL 1      0.0                       0.0    0.0      0.0
  SNOW DEPTH       0

DEGREE DAYS
 HEATING
  YESTERDAY        0                         4     -4        6
  MONTH TO DATE   16                        37    -21       24
  SINCE SEP 1     16                        37    -21       24
  SINCE JUL 1     16                        40    -24       24

 COOLING
  YESTERDAY        0                         2     -2        0
  MONTH TO DATE  143                       114     29      145
  SINCE SEP 1    143                       114     29      145
  SINCE JAN 1   1160                      1040    120     1233
...................................................................


WIND (MPH)
  RESULTANT WIND SPEED  10   RESULTANT WIND DIRECTION   W (260)
  HIGHEST WIND SPEED    26   HIGHEST WIND DIRECTION     W (290)
  HIGHEST GUST SPEED    32   HIGHEST GUST DIRECTION     W (290)
  AVERAGE WIND SPEED    12.3


SKY COVER
  POSSIBLE SUNSHINE  MM
  AVERAGE SKY COVER 0.7


WEATHER CONDITIONS
THE FOLLOWING WEATHER WAS RECORDED YESTERDAY.
  THUNDERSTORM
  LIGHT RAIN
  FOG


RELATIVE HUMIDITY (PERCENT)
 HIGHEST    93           4:00 AM
 LOWEST     53           1:00 PM
 AVERAGE    73

..........................................................


THE COLUMBUS OH CLIMATE NORMALS FOR TODAY
                         NORMAL    RECORD    YEAR
 MAXIMUM TEMPERATURE (F)   74        92      1998
                                             2017
 MINIMUM TEMPERATURE (F)   53        35      1928
                                             1950


SUNRISE AND SUNSET
SEPTEMBER 26 2022.....SUNRISE   7:23 AM EDT   SUNSET   7:22 PM EDT
SEPTEMBER 27 2022.....SUNRISE   7:24 AM EDT   SUNSET   7:20 PM EDT


-  INDICATES NEGATIVE NUMBERS.
R  INDICATES RECORD WAS SET OR TIED.
MM INDICATES DATA IS MISSING.
T  INDICATES TRACE AMOUNT.




$$
