000
CDUS43 KILX 290626
CLICMI

CLIMATE REPORT
NATIONAL WEATHER SERVICE LINCOLN IL
126 AM CDT THU SEP 29 2022

...................................

...THE CHAMPAIGN IL AIRPORT CLIMATE SUMMARY FOR SEPTEMBER 28 2022...

CLIMATE NORMAL PERIOD 1991 TO 2020
CLIMATE RECORD PERIOD 9999 TO 9999


WEATHER ITEM   OBSERVED TIME   RECORD YEAR NORMAL DEPARTURE LAST
                VALUE   (LST)  VALUE       VALUE  FROM      YEAR
                                                  NORMAL
...................................................................
TEMPERATURE (F)
 YESTERDAY
  MAXIMUM         64    424 PM  MM      MM  76    -12       87
  MINIMUM         35    203 AM  MM      MM  50    -15       56
  AVERAGE         50                        63    -13       72

PRECIPITATION (IN)
  YESTERDAY        0.00         MM      MM   0.10  -0.10     0.00
  MONTH TO DATE    2.26                      2.88  -0.62     3.08
  SINCE SEP 1      2.26                      2.88  -0.62     3.08
  SINCE JAN 1     23.23                     28.73  -5.50    30.47

DEGREE DAYS
 HEATING
  YESTERDAY       15                         5     10        0
  MONTH TO DATE   69                        55     14       26
  SINCE SEP 1     69                        55     14       26
  SINCE JUL 1     69                        62      7       28

 COOLING
  YESTERDAY        0                         2     -2        7
  MONTH TO DATE  138                       121     17      169
  SINCE SEP 1    138                       121     17      169
  SINCE JAN 1   1192                      1024    168     1189
...................................................................


WIND (MPH)
  HIGHEST WIND SPEED    13   HIGHEST WIND DIRECTION    NE (40)
  HIGHEST GUST SPEED    19   HIGHEST GUST DIRECTION    NE (50)
  AVERAGE WIND SPEED     6.8


SKY COVER
  POSSIBLE SUNSHINE  MM
  AVERAGE SKY COVER 0.2


WEATHER CONDITIONS
THE FOLLOWING WEATHER WAS RECORDED YESTERDAY.
  FOG


RELATIVE HUMIDITY (PERCENT)
 HIGHEST    96           600 AM
 LOWEST     44           400 PM
 AVERAGE    70

..........................................................


THE CHAMPAIGN IL AIRPORT CLIMATE NORMALS FOR TODAY
                         NORMAL    RECORD    YEAR
 MAXIMUM TEMPERATURE (F)   75        MM        MM
 MINIMUM TEMPERATURE (F)   50        MM        MM


SUNRISE AND SUNSET
SEPTEMBER 29 2022.....SUNRISE   647 AM CDT   SUNSET   639 PM CDT
SEPTEMBER 30 2022.....SUNRISE   648 AM CDT   SUNSET   637 PM CDT


-  INDICATES NEGATIVE NUMBERS.
R  INDICATES RECORD WAS SET OR TIED.
MM INDICATES DATA IS MISSING.
T  INDICATES TRACE AMOUNT.




$$
