000
CDUS43 KTOP 260622
CLICNK

CLIMATE REPORT
NATIONAL WEATHER SERVICE TOPEKA KS
122 AM CDT MON SEP 26 2022

...................................

...THE CONCORDIA KS CLIMATE SUMMARY FOR SEPTEMBER 25 2022...

CLIMATE NORMAL PERIOD 1991 TO 2020
CLIMATE RECORD PERIOD 1885 TO 2022


WEATHER ITEM   OBSERVED TIME   RECORD YEAR NORMAL DEPARTURE LAST
                VALUE   (LST)  VALUE       VALUE  FROM      YEAR
                                                  NORMAL
...................................................................
TEMPERATURE (F)
 YESTERDAY
  MAXIMUM         81    323 PM  96    2020  77      4       82
  MINIMUM         54    652 AM  33    1926  53      1       46
  AVERAGE         68                        65      3       64

PRECIPITATION (IN)
  YESTERDAY        0.00          2.28 2017   0.10  -0.10     0.00
  MONTH TO DATE    1.96                      2.34  -0.38     0.92
  SINCE SEP 1      1.96                      2.34  -0.38     0.92
  SINCE JAN 1     18.57                     23.74  -5.17    19.50

SNOWFALL (IN)
  YESTERDAY       MM             0.0    MM   0.0   MM       MM
  MONTH TO DATE   MM                         0.0   MM       MM
  SINCE JAN 1     MM                        12.6   MM       17.5
  SINCE JUL 1     MM                         0.0   MM       MM
  SNOW DEPTH      MM

DEGREE DAYS
 HEATING
  YESTERDAY        0                         3     -3        1
  MONTH TO DATE   17                        43    -26        6
  SINCE SEP 1     17                        43    -26        6
  SINCE JUL 1     17                        45    -28        6

 COOLING
  YESTERDAY        3                         3      0        0
  MONTH TO DATE  271                       153    118      202
  SINCE SEP 1    271                       153    118      202
  SINCE JAN 1   1806                      1332    474     1583
...................................................................


WIND (MPH)
  HIGHEST WIND SPEED    23   HIGHEST WIND DIRECTION    NW (320)
  HIGHEST GUST SPEED    30   HIGHEST GUST DIRECTION    NW (330)
  AVERAGE WIND SPEED     8.8


SKY COVER
  AVERAGE SKY COVER 0.0


WEATHER CONDITIONS
THE FOLLOWING WEATHER WAS RECORDED YESTERDAY.
  NO SIGNIFICANT WEATHER WAS OBSERVED.


RELATIVE HUMIDITY (PERCENT)
 HIGHEST    74           300 AM
 LOWEST     23           400 PM
 AVERAGE    49

..........................................................


THE CONCORDIA KS CLIMATE NORMALS FOR TODAY
                         NORMAL    RECORD    YEAR
 MAXIMUM TEMPERATURE (F)   77        99      2021
 MINIMUM TEMPERATURE (F)   52        31      1984


SUNRISE AND SUNSET
SEPTEMBER 26 2022.....SUNRISE   722 AM CDT   SUNSET   721 PM CDT
SEPTEMBER 27 2022.....SUNRISE   723 AM CDT   SUNSET   719 PM CDT


-  INDICATES NEGATIVE NUMBERS.
R  INDICATES RECORD WAS SET OR TIED.
MM INDICATES DATA IS MISSING.
T  INDICATES TRACE AMOUNT.




$$
