000
CDUS46 KSGX 300925
CLICNO

CLIMATE REPORT
NATIONAL WEATHER SERVICE SAN DIEGO, CA
225 AM PDT FRI SEP 30 2022

...................................

...THE CHINO AIRPORT CA CLIMATE SUMMARY FOR SEPTEMBER 29 2022...

CLIMATE NORMAL PERIOD: 1991 TO 2020
CLIMATE RECORD PERIOD: 1998 TO 2022


WEATHER ITEM   OBSERVED TIME   RECORD YEAR NORMAL DEPARTURE LAST
                VALUE   (LST)  VALUE       VALUE  FROM      YEAR
                                                  NORMAL
...................................................................
TEMPERATURE (F)
 YESTERDAY
  MAXIMUM         96  11:32 AM 109    2020  89      7       82
  MINIMUM         62   5:41 AM  49    2013  58      4       58
  AVERAGE         79                        73      6       70

PRECIPITATION (IN)
  YESTERDAY        0.00          T    2000   0.01  -0.01     0.00
                                      2001
  MONTH TO DATE    0.26                      0.06   0.20      T
  SINCE JUL 1      0.26                      0.15   0.11     0.17
  SINCE OCT 1      4.37                      9.98  -5.61     5.95
  SINCE JAN 1      1.10                      7.17  -6.07     3.85

DEGREE DAYS
 HEATING
  YESTERDAY        0                         0      0        0
  MONTH TO DATE    0                         0      0        0
  SINCE SEP 1      0                         0      0        0
  SINCE JUL 1      0                         0      0        0

 COOLING
  YESTERDAY       14                         8      6        5
  MONTH TO DATE  495                       338    157      372
  SINCE SEP 1    495                       338    157      372
  SINCE JAN 1   2116                      1631    485     1790
...................................................................


WIND (MPH)
  RESULTANT WIND SPEED   7   RESULTANT WIND DIRECTION   W (260)
  HIGHEST WIND SPEED    17   HIGHEST WIND DIRECTION     W (250)
  HIGHEST GUST SPEED    21   HIGHEST GUST DIRECTION     W (280)
  AVERAGE WIND SPEED     5.7


SKY COVER
  POSSIBLE SUNSHINE  MM
  AVERAGE SKY COVER 0.2


WEATHER CONDITIONS
THE FOLLOWING WEATHER WAS RECORDED YESTERDAY.
  FOG
  HAZE


RELATIVE HUMIDITY (PERCENT)
 HIGHEST    84          11:00 PM
 LOWEST     31          12:00 PM
 AVERAGE    58

..........................................................


THE CHINO AIRPORT CA CLIMATE NORMALS FOR TODAY
                         NORMAL    RECORD    YEAR
 MAXIMUM TEMPERATURE (F)   88       112      2020
 MINIMUM TEMPERATURE (F)   58        48      2013
                                             2019


SUNRISE AND SUNSET
SEPTEMBER 30 2022.....SUNRISE   6:44 AM PDT   SUNSET   6:36 PM PDT
OCTOBER  1 2022.......SUNRISE   6:45 AM PDT   SUNSET   6:35 PM PDT


-  INDICATES NEGATIVE NUMBERS.
R  INDICATES RECORD WAS SET OR TIED.
MM INDICATES DATA IS MISSING.
T  INDICATES TRACE AMOUNT.




$$
