000
CDUS41 KGYX 020806
CLICON

CLIMATE REPORT
NATIONAL WEATHER SERVICE GRAY ME
406 AM EDT SUN OCT 02 2022

...................................

...THE CONCORD NH CLIMATE SUMMARY FOR OCTOBER 1 2022...

CLIMATE NORMAL PERIOD: 1991 TO 2020
CLIMATE RECORD PERIOD: 1868 TO 2022


WEATHER ITEM   OBSERVED TIME   RECORD YEAR NORMAL DEPARTURE LAST
                VALUE   (LST)  VALUE       VALUE  FROM      YEAR
                                                  NORMAL
...................................................................
TEMPERATURE (F)
 YESTERDAY
  MAXIMUM         61   3:47 PM  87    1879  67     -6       64
                                      1922
  MINIMUM         40  12:35 AM  24    1925  43     -3       36
  AVERAGE         51                        55     -4       50

PRECIPITATION (IN)
  YESTERDAY        0.00          1.36 2010   0.14  -0.14     0.00
  MONTH TO DATE    0.00                      0.14  -0.14     0.00
  SINCE SEP 1      4.16                      3.77   0.39     4.46
  SINCE JAN 1     30.62                     30.52   0.10    34.06

SNOWFALL (IN)
  YESTERDAY        0.0           T    1992   0.0    0.0      0.0
  MONTH TO DATE    0.0                       0.0    0.0      0.0
  SINCE SEP 1      0.0                       0.0    0.0      0.0
  SINCE JUL 1      0.0                       0.0    0.0      0.0
  SNOW DEPTH       0

DEGREE DAYS
 HEATING
  YESTERDAY       14                        10      4       15
  MONTH TO DATE   14                        10      4       15
  SINCE SEP 1    167                       170     -3      100
  SINCE JUL 1    169                       201    -32      124

 COOLING
  YESTERDAY        0                         0      0        0
  MONTH TO DATE    0                         0      0        0
  SINCE SEP 1     29                        50    -21       40
  SINCE JAN 1    646                       525    121      656
...................................................................


WIND (MPH)
  RESULTANT WIND SPEED   4   RESULTANT WIND DIRECTION  NE (50)
  HIGHEST WIND SPEED    14   HIGHEST WIND DIRECTION    NE (30)
  HIGHEST GUST SPEED    14   HIGHEST GUST DIRECTION    NE (30)
  AVERAGE WIND SPEED     4.6


SKY COVER
  AVERAGE SKY COVER 0.6


WEATHER CONDITIONS
THE FOLLOWING WEATHER WAS RECORDED YESTERDAY.
  FOG
  FOG W/VISIBILITY <= 1/4 MILE


RELATIVE HUMIDITY (PERCENT)
 HIGHEST   100           2:00 AM
 LOWEST     58           3:00 PM
 AVERAGE    79

..........................................................


THE CONCORD NH CLIMATE NORMALS FOR TODAY
                         NORMAL    RECORD    YEAR
 MAXIMUM TEMPERATURE (F)   67        88      1922
 MINIMUM TEMPERATURE (F)   43        24      1992


SUNRISE AND SUNSET
OCTOBER  2 2022.......SUNRISE   6:44 AM EDT   SUNSET   6:25 PM EDT
OCTOBER  3 2022.......SUNRISE   6:46 AM EDT   SUNSET   6:24 PM EDT


-  INDICATES NEGATIVE NUMBERS.
R  INDICATES RECORD WAS SET OR TIED.
MM INDICATES DATA IS MISSING.
T  INDICATES TRACE AMOUNT.




$$
