000
CDUS45 KPUB 260958
CLICOS

CLIMATE REPORT
NATIONAL WEATHER SERVICE
358 AM MDT MON SEP 26 2022

...................................

...THE COLORADO SPRINGS CO CLIMATE SUMMARY FOR SEPTEMBER 25 2022...

CLIMATE NORMAL PERIOD 1991 TO 2020
CLIMATE RECORD PERIOD 1872 TO 2022


WEATHER ITEM   OBSERVED TIME   RECORD YEAR NORMAL DEPARTURE LAST
                VALUE   (LST)  VALUE       VALUE  FROM      YEAR
                                                  NORMAL
...................................................................
TEMPERATURE (F)
 YESTERDAY
  MAXIMUM         72    307 PM  91    2020  74     -2       82
  MINIMUM         46    551 AM  23    1926  45      1       44
  AVERAGE         59                        60     -1       63

PRECIPITATION (IN)
  YESTERDAY        0.00          1.13 1915   0.04  -0.04     0.00
  MONTH TO DATE    0.50                      1.21  -0.71     0.84
  SINCE JAN 1     12.60                     14.40  -1.80    13.99

SNOWFALL (IN)
  YESTERDAY        0.0           0.8  1970   0.0    0.0      0.0
  MONTH TO DATE    0.0                       0.1   -0.1      0.0
  SINCE JUL 1      0.0                       0.1   -0.1       T
  SNOW DEPTH       0

DEGREE DAYS
 HEATING
  YESTERDAY        6                         6      0        2
  MONTH TO DATE   47                        84    -37       32
  SINCE JUL 1     47                       104    -57       32

 COOLING
  YESTERDAY        0                         1     -1        0
  MONTH TO DATE  108                        59     49      128
  SINCE JAN 1    837                       602    235      839
...................................................................


WIND (MPH)
  HIGHEST WIND SPEED    18   HIGHEST WIND DIRECTION     S (160)
  HIGHEST GUST SPEED    30   HIGHEST GUST DIRECTION     S (170)
  AVERAGE WIND SPEED     9.3


SKY COVER
  POSSIBLE SUNSHINE  MM
  AVERAGE SKY COVER 0.0


WEATHER CONDITIONS
THE FOLLOWING WEATHER WAS RECORDED YESTERDAY.
  NO SIGNIFICANT WEATHER WAS OBSERVED.


RELATIVE HUMIDITY (PERCENT)
 HIGHEST    58           600 AM
 LOWEST     24           200 PM
 AVERAGE    41

..........................................................


THE COLORADO SPRINGS CO CLIMATE NORMALS FOR TODAY
                         NORMAL    RECORD    YEAR
 MAXIMUM TEMPERATURE (F)   73        89      2020
 MINIMUM TEMPERATURE (F)   45        25      1930


SUNRISE AND SUNSET
SEPTEMBER 26 2022.....SUNRISE   650 AM MDT   SUNSET   649 PM MDT
SEPTEMBER 27 2022.....SUNRISE   651 AM MDT   SUNSET   648 PM MDT


-  INDICATES NEGATIVE NUMBERS.
R  INDICATES RECORD WAS SET OR TIED.
MM INDICATES DATA IS MISSING.
T  INDICATES TRACE AMOUNT.




$$
