000
CDUS43 KLSX 052231
CLICOU

CLIMATE REPORT
NATIONAL WEATHER SERVICE ST LOUIS MO
531 PM CDT WED OCT 05 2022

...................................

...THE COLUMBIA ASOS CLIMATE SUMMARY FOR OCTOBER 5 2022...
VALID AS OF 0500 PM LOCAL TIME.

CLIMATE NORMAL PERIOD 1991 TO 2020
CLIMATE RECORD PERIOD 1890 TO 2022


WEATHER ITEM   OBSERVED TIME   RECORD YEAR NORMAL DEPARTURE LAST
                VALUE   (LST)  VALUE       VALUE  FROM      YEAR
                                                  NORMAL
...................................................................
TEMPERATURE (F)
 TODAY
  MAXIMUM         79    345 PM  94    1937  73      6       73
  MINIMUM         49    617 AM  33    1979  51     -2       58
                                      1988
  AVERAGE         64                        62      2       66

PRECIPITATION (IN)
  TODAY            T             4.83 1998   0.12  -0.12      T
  MONTH TO DATE    T                         0.64  -0.64     1.78
  SINCE SEP 1      1.82                      4.47  -2.65     5.46
  SINCE JAN 1     26.95                     33.83  -6.88    45.97

SNOWFALL (IN)
  TODAY            0.0           0.0  2015   0.0    0.0      0.0
  MONTH TO DATE    0.0                       0.0    0.0      0.0
  SINCE SEP 1      0.0                       0.0    0.0      0.0
  SINCE JUL 1      0.0                       0.0    0.0      0.0
  SNOW DEPTH       0

DEGREE DAYS
 HEATING
  TODAY            1                         5     -4        0
  MONTH TO DATE    6                        23    -17        0
  SINCE SEP 1     36                        70    -34        5
  SINCE JUL 1     36                        71    -35        5

 COOLING
  TODAY            0                         2     -2        1
  MONTH TO DATE    1                        11    -10       20
  SINCE SEP 1    221                       184     37      296
  SINCE JAN 1   1689                      1422    267     1651
...................................................................


WIND (MPH)
  HIGHEST WIND SPEED    13   HIGHEST WIND DIRECTION     S (180)
  HIGHEST GUST SPEED    16   HIGHEST GUST DIRECTION     S (170)
  AVERAGE WIND SPEED     7.0


SKY COVER
  AVERAGE SKY COVER 0.2


WEATHER CONDITIONS
THE FOLLOWING WEATHER WAS RECORDED TODAY.
  NO SIGNIFICANT WEATHER WAS OBSERVED.


RELATIVE HUMIDITY (PERCENT)
 HIGHEST    63           700 AM
 LOWEST     33           400 PM
 AVERAGE    48

..........................................................


THE COLUMBIA ASOS CLIMATE NORMALS FOR TOMORROW
                         NORMAL    RECORD    YEAR
 MAXIMUM TEMPERATURE (F)   72        91      1939
                                             1963
 MINIMUM TEMPERATURE (F)   50        25      1891


SUNRISE AND SUNSET
OCTOBER  5 2022.......SUNRISE   709 AM CDT   SUNSET   645 PM CDT
OCTOBER  6 2022.......SUNRISE   710 AM CDT   SUNSET   644 PM CDT


-  INDICATES NEGATIVE NUMBERS.
R  INDICATES RECORD WAS SET OR TIED.
MM INDICATES DATA IS MISSING.
T  INDICATES TRACE AMOUNT.




$$
