000
CDUS45 KRIW 060731
CLICPR

CLIMATE REPORT
NATIONAL WEATHER SERVICE RIVERTON WY
131 AM MDT THU OCT 06 2022

...................................

...THE CASPER WY CLIMATE SUMMARY FOR OCTOBER 5 2022...

CLIMATE NORMAL PERIOD: 1991 TO 2020
CLIMATE RECORD PERIOD: 1939 TO 2022


WEATHER ITEM   OBSERVED TIME   RECORD YEAR NORMAL DEPARTURE LAST
                VALUE   (LST)  VALUE       VALUE  FROM      YEAR
                                                  NORMAL
...................................................................
TEMPERATURE (F)
 YESTERDAY
  MAXIMUM         70   2:47 PM  87    1993  65      5       80
  MINIMUM         32   2:48 AM  19    1964  35     -3       42
                                      2013
  AVERAGE         51                        50      1

PRECIPITATION (IN)
  YESTERDAY        0.00          0.59 1962   0.04  -0.04     0.00
  MONTH TO DATE    0.07                      0.23  -0.16     0.00
  SINCE SEP 1      0.88                      1.18  -0.30     0.79
  SINCE JAN 1     11.27                     10.01   1.26    10.72

SNOWFALL (IN)
  YESTERDAY        0.0           2.1  1948   0.2   -0.2      0.0
  MONTH TO DATE    0.0                       0.9   -0.9      0.0
  SINCE SEP 1      0.0                       2.4   -2.4      0.0
  SINCE JUL 1      T                         2.4   -2.4      0.0
  SNOW DEPTH       0

DEGREE DAYS
 HEATING
  YESTERDAY       14                        15     -1        4
  MONTH TO DATE   64                        71     -7       47
  SINCE SEP 1    208                       285    -77      171
  SINCE JUL 1    210                       330   -120      194

 COOLING
  YESTERDAY        0                         0      0        0
  MONTH TO DATE    0                         0      0        0
  SINCE SEP 1     68                        30     38       34
  SINCE JAN 1    544                       442    102      554
...................................................................


WIND (MPH)
  HIGHEST WIND SPEED    13   HIGHEST WIND DIRECTION    SW (240)
  HIGHEST GUST SPEED    16   HIGHEST GUST DIRECTION     W (250)
  AVERAGE WIND SPEED     4.7


SKY COVER
  POSSIBLE SUNSHINE  MM
  AVERAGE SKY COVER 0.0


WEATHER CONDITIONS
THE FOLLOWING WEATHER WAS RECORDED YESTERDAY.
  NO SIGNIFICANT WEATHER WAS OBSERVED.


RELATIVE HUMIDITY (PERCENT)
 HIGHEST   100           3:00 AM
 LOWEST     25           3:00 PM
 AVERAGE    63

..........................................................


THE CASPER WY CLIMATE NORMALS FOR TODAY
                         NORMAL    RECORD    YEAR
 MAXIMUM TEMPERATURE (F)   64        84      1975
 MINIMUM TEMPERATURE (F)   34        14      1952


SUNRISE AND SUNSET
OCTOBER  6 2022.......SUNRISE   7:09 AM MDT   SUNSET   6:38 PM MDT
OCTOBER  7 2022.......SUNRISE   7:10 AM MDT   SUNSET   6:36 PM MDT


-  INDICATES NEGATIVE NUMBERS.
R  INDICATES RECORD WAS SET OR TIED.
MM INDICATES DATA IS MISSING.
T  INDICATES TRACE AMOUNT.




$$
