000
CDUS46 KLOX 020849
CLICQT

CLIMATE REPORT
NATIONAL WEATHER SERVICE LOS ANGELES/OXNARD
149 AM PDT SUN OCT 02 2022

...................................

...THE DOWNTOWN LOS ANGELES (USC) CA CLIMATE SUMMARY FOR OCTOBER 1 2022...

CLIMATE NORMAL PERIOD: 1991 TO 2020
CLIMATE RECORD PERIOD: 1877 TO 2022


WEATHER ITEM   OBSERVED TIME   RECORD YEAR NORMAL DEPARTURE LAST
                VALUE   (LST)  VALUE       VALUE  FROM      YEAR
                                                  NORMAL
...................................................................
TEMPERATURE (F)
 YESTERDAY
  MAXIMUM         75   1:12 PM 101    2020  81     -6       90
  MINIMUM         65  11:51 PM  49    1894  62      3       59
                                      1901
  AVERAGE         70                        72     -2       75

PRECIPITATION (IN)
  YESTERDAY        0.00          0.74 1916   0.01  -0.01     0.00
  MONTH TO DATE    0.00                      0.01  -0.01     0.00
  SINCE JUL 1      0.37                      0.16   0.21     0.23
  SINCE OCT 1      0.00                      0.01  -0.01     0.00
  SINCE JAN 1      2.37                     10.42  -8.05     4.10

SNOWFALL (IN)
  YESTERDAY       MM
  MONTH TO DATE   MM
  SINCE SEP 1     MM
  SINCE JUL 1     MM

DEGREE DAYS
 HEATING
  YESTERDAY        0                         0      0        0
  MONTH TO DATE    0                         0      0        0
  SINCE SEP 1      0                         1     -1        0
  SINCE JUL 1      0                         1     -1        0

 COOLING
  YESTERDAY        5                         7     -2       10
  MONTH TO DATE    5                         7     -2       10
  SINCE SEP 1    387                       266    121      204
  SINCE JAN 1   1267                      1114    153     1149
...................................................................


WIND (MPH)
  HIGHEST WIND SPEED    10   HIGHEST WIND DIRECTION     W (270)
  HIGHEST GUST SPEED    16   HIGHEST GUST DIRECTION     W (270)
  AVERAGE WIND SPEED     1.9


SKY COVER
  POSSIBLE SUNSHINE  MM
  AVERAGE SKY COVER 0.6


WEATHER CONDITIONS
THE FOLLOWING WEATHER WAS RECORDED YESTERDAY.
  NO SIGNIFICANT WEATHER WAS OBSERVED.


RELATIVE HUMIDITY (PERCENT)
 HIGHEST    81           9:00 PM
 LOWEST     55          12:00 PM
 AVERAGE    68

..........................................................


THE DOWNTOWN LOS ANGELES (USC) CA CLIMATE NORMALS FOR TODAY
                         NORMAL    RECORD    YEAR
 MAXIMUM TEMPERATURE (F)   80       101      1995
 MINIMUM TEMPERATURE (F)   62        44      1884


SUNRISE AND SUNSET
OCTOBER  2 2022.......SUNRISE   6:48 AM PDT   SUNSET   6:36 PM PDT
OCTOBER  3 2022.......SUNRISE   6:49 AM PDT   SUNSET   6:34 PM PDT


-  INDICATES NEGATIVE NUMBERS.
R  INDICATES RECORD WAS SET OR TIED.
MM INDICATES DATA IS MISSING.
T  INDICATES TRACE AMOUNT.




$$
