000
CDUS42 KJAX 260532
CLICRG

CLIMATE REPORT
NATIONAL WEATHER SERVICE JACKSONVILLE FL
132 AM EDT MON SEP 26 2022

...................................

...THE CRAIG EXEC ARPT CLIMATE SUMMARY FOR SEPTEMBER 25 2022...

CLIMATE NORMAL PERIOD: 1991 TO 2020
CLIMATE RECORD PERIOD: 1974 TO 2022


WEATHER ITEM   OBSERVED TIME   RECORD YEAR NORMAL DEPARTURE LAST
                VALUE   (LST)  VALUE       VALUE  FROM      YEAR
                                                  NORMAL
...................................................................
TEMPERATURE (F)
 YESTERDAY
  MAXIMUM         89   1:12 PM  95    2019  85      4       82
  MINIMUM         66   5:49 AM  58    1990  70     -4       66
  AVERAGE         78                        77      1       74

PRECIPITATION (IN)
  YESTERDAY        0.00          0.93 2018   0.25  -0.25     0.00
  MONTH TO DATE    6.85                      6.14   0.71     7.58
  SINCE SEP 1      6.85                      6.14   0.71     7.58
  SINCE JAN 1     43.04                     39.32   3.72    52.99

SNOWFALL (IN)
  YESTERDAY        0.0           0.0    MM

DEGREE DAYS
 HEATING
  YESTERDAY        0                         0      0        0
  MONTH TO DATE    0                         0      0        0
  SINCE SEP 1      0                         0      0        0
  SINCE JUL 1      0                         0      0        0

 COOLING
  YESTERDAY       13                        12      1        9
  MONTH TO DATE  413                       356     57      375
  SINCE SEP 1    413                       356     57      375
  SINCE JAN 1   2869                      2379    490     2640
...................................................................


WIND (MPH)
  HIGHEST WIND SPEED    13   HIGHEST WIND DIRECTION     E (80)
  HIGHEST GUST SPEED    18   HIGHEST GUST DIRECTION     E (80)
  AVERAGE WIND SPEED     2.9


SKY COVER
  AVERAGE SKY COVER 0.1


WEATHER CONDITIONS
THE FOLLOWING WEATHER WAS RECORDED YESTERDAY.
  NO SIGNIFICANT WEATHER WAS OBSERVED.


RELATIVE HUMIDITY (PERCENT)
 HIGHEST    93           7:00 AM
 LOWEST     47           1:00 PM
 AVERAGE    70

..........................................................


THE CRAIG EXEC ARPT CLIMATE NORMALS FOR TODAY
                         NORMAL    RECORD    YEAR
 MAXIMUM TEMPERATURE (F)   85        95      2019
 MINIMUM TEMPERATURE (F)   70        59      1987


SUNRISE AND SUNSET
SEPTEMBER 26 2022.....SUNRISE   7:17 AM EDT   SUNSET   7:18 PM EDT
SEPTEMBER 27 2022.....SUNRISE   7:17 AM EDT   SUNSET   7:16 PM EDT


-  INDICATES NEGATIVE NUMBERS.
R  INDICATES RECORD WAS SET OR TIED.
MM INDICATES DATA IS MISSING.
T  INDICATES TRACE AMOUNT.




$$
