000
CDUS44 KCRP 020809
CLICRP

CLIMATE REPORT
NATIONAL WEATHER SERVICE CORPUS CHRISTI TX
309 AM CDT SUN OCT 02 2022

...................................

...THE CORPUS CHRISTI CLIMATE SUMMARY FOR OCTOBER 1 2022...

CLIMATE NORMAL PERIOD 1991 TO 2020
CLIMATE RECORD PERIOD 1887 TO 2022


WEATHER ITEM   OBSERVED TIME   RECORD YEAR NORMAL DEPARTURE LAST
                VALUE   (LST)  VALUE       VALUE  FROM      YEAR
                                                  NORMAL
...................................................................
TEMPERATURE (F)
 YESTERDAY
  MAXIMUM         88    300 PM  96    1977  88      0       81
                                      1989
  MINIMUM         64    556 AM  52    1984  70     -6       73
                                      1985
  AVERAGE         76                        79     -3       77

PRECIPITATION (IN)
  YESTERDAY        0.00          4.14 2021   0.12  -0.12     4.14
  MONTH TO DATE    0.00                      0.12  -0.12     4.14
  SINCE SEP 1      1.66                      5.54  -3.88    11.58
  SINCE JAN 1     19.87                     24.77  -4.90    43.10

SNOWFALL (IN)
  YESTERDAY        0.0           0.0  2000   0.0    0.0      0.0
                                      2001
                                      2002
  MONTH TO DATE    0.0                       0.0    0.0      0.0
  SINCE SEP 1      0.0                       0.0    0.0      0.0
  SINCE JUL 1      0.0                       0.0    0.0      0.0
  SNOW DEPTH      MM

DEGREE DAYS
 HEATING
  YESTERDAY        0                         0      0        0
  MONTH TO DATE    0                         0      0        0
  SINCE SEP 1      0                         0      0        0
  SINCE JUL 1      0                         0      0        0

 COOLING
  YESTERDAY       11                        14     -3       12
  MONTH TO DATE   11                        14     -3       12
  SINCE SEP 1    582                       521     61      538
  SINCE JAN 1   3507                      3242    265     3189
...................................................................


WIND (MPH)
  HIGHEST WIND SPEED    16   HIGHEST WIND DIRECTION     E (90)
  HIGHEST GUST SPEED    22   HIGHEST GUST DIRECTION     E (90)
  AVERAGE WIND SPEED     7.6


SKY COVER
  POSSIBLE SUNSHINE  MM
  AVERAGE SKY COVER 0.1


WEATHER CONDITIONS
THE FOLLOWING WEATHER WAS RECORDED YESTERDAY.
  NO SIGNIFICANT WEATHER WAS OBSERVED.


RELATIVE HUMIDITY (PERCENT)
 HIGHEST    81           700 AM
 LOWEST     36           200 PM
 AVERAGE    59

..........................................................


THE CORPUS CHRISTI CLIMATE NORMALS FOR TODAY
                         NORMAL    RECORD    YEAR
 MAXIMUM TEMPERATURE (F)   88        97      1977
 MINIMUM TEMPERATURE (F)   70        56      1992


SUNRISE AND SUNSET
OCTOBER  2 2022.......SUNRISE   723 AM CDT   SUNSET   715 PM CDT
OCTOBER  3 2022.......SUNRISE   724 AM CDT   SUNSET   714 PM CDT


-  INDICATES NEGATIVE NUMBERS.
R  INDICATES RECORD WAS SET OR TIED.
MM INDICATES DATA IS MISSING.
T  INDICATES TRACE AMOUNT.




$$
