000
CDUS46 KSGX 270919
CLICRQ

CLIMATE REPORT
NATIONAL WEATHER SERVICE SAN DIEGO, CA
219 AM PDT TUE SEP 27 2022

...................................

...THE CARLSBAD PALOMAR AIRPORT CA CLIMATE SUMMARY FOR SEPTEMBER 26 2022...

CLIMATE NORMAL PERIOD: 1991 TO 2020
CLIMATE RECORD PERIOD: 1998 TO 2022


WEATHER ITEM   OBSERVED TIME   RECORD YEAR NORMAL DEPARTURE LAST
                VALUE   (LST)  VALUE       VALUE  FROM      YEAR
                                                  NORMAL
...................................................................
TEMPERATURE (F)
 YESTERDAY
  MAXIMUM         77   2:58 PM 103    2016  75      2       67
  MINIMUM         66   6:12 AM  58    2005  62      4       63
  AVERAGE         72                        69      3       65

PRECIPITATION (IN)
  YESTERDAY        0.00          0.03 1998   0.01  -0.01     0.00
  MONTH TO DATE    0.29                      0.09   0.20     0.11
  SINCE JUL 1      0.29                      0.20   0.09     0.42
  SINCE OCT 1      7.31                     11.37  -4.06     5.82
  SINCE JAN 1      2.76                      8.16  -5.40     4.38

DEGREE DAYS
 HEATING
  YESTERDAY        0                         0      0        0
  MONTH TO DATE    0                         0      0        0
  SINCE SEP 1      0                         0      0        0
  SINCE JUL 1      0                         2     -2        0

 COOLING
  YESTERDAY        7                         4      3        0
  MONTH TO DATE  244                       129    115      119
  SINCE SEP 1    244                       129    115      119
  SINCE JAN 1    725                       498    227      467
...................................................................


WIND (MPH)
  RESULTANT WIND SPEED   1   RESULTANT WIND DIRECTION  SW (240)
  HIGHEST WIND SPEED    12   HIGHEST WIND DIRECTION     W (260)
  HIGHEST GUST SPEED    15   HIGHEST GUST DIRECTION     W (270)
  AVERAGE WIND SPEED     2.6


SKY COVER
  POSSIBLE SUNSHINE  MM
  AVERAGE SKY COVER 0.0


WEATHER CONDITIONS
THE FOLLOWING WEATHER WAS RECORDED YESTERDAY.
  FOG


RELATIVE HUMIDITY (PERCENT)
 HIGHEST    96           4:00 AM
 LOWEST     62          10:00 AM
 AVERAGE    79

..........................................................


THE CARLSBAD PALOMAR AIRPORT CA CLIMATE NORMALS FOR TODAY
                         NORMAL    RECORD    YEAR
 MAXIMUM TEMPERATURE (F)   75        94      2016
 MINIMUM TEMPERATURE (F)   62        56      2013
                                             2017


SUNRISE AND SUNSET
SEPTEMBER 27 2022.....SUNRISE   6:41 AM PDT   SUNSET   6:39 PM PDT
SEPTEMBER 28 2022.....SUNRISE   6:41 AM PDT   SUNSET   6:37 PM PDT


-  INDICATES NEGATIVE NUMBERS.
R  INDICATES RECORD WAS SET OR TIED.
MM INDICATES DATA IS MISSING.
T  INDICATES TRACE AMOUNT.




$$
