000
CDUS41 KRLX 260706
CLICRW

CLIMATE REPORT
NATIONAL WEATHER SERVICE CHARLESTON WV
306 AM EDT MON SEP 26 2022

...................................

...THE CHARLESTON WV CLIMATE SUMMARY FOR SEPTEMBER 25 2022...

CLIMATE NORMAL PERIOD: 1991 TO 2020
CLIMATE RECORD PERIOD: 1901 TO 2022


WEATHER ITEM   OBSERVED TIME   RECORD YEAR NORMAL DEPARTURE LAST
                VALUE   (LST)  VALUE       VALUE  FROM      YEAR
                                                  NORMAL
...................................................................
TEMPERATURE (F)
 YESTERDAY
  MAXIMUM         76   4:15 PM  96    1930  76      0       71
  MINIMUM         54   5:00 AM  35    1967  54      0       47
  AVERAGE         65                        65      0       59

PRECIPITATION (IN)
  YESTERDAY        0.00          2.37 1940   0.11  -0.11      T
  MONTH TO DATE    1.32                      2.91  -1.59     1.99
  SINCE SEP 1      1.32                      2.91  -1.59     1.99
  SINCE JAN 1     48.57                     36.02  12.55    31.33

SNOWFALL (IN)
  YESTERDAY        0.0           T    1994   0.0    0.0      0.0
  MONTH TO DATE    0.0                       0.0    0.0      0.0
  SINCE SEP 1      0.0                       0.0    0.0      0.0
  SINCE JUL 1      0.0                       0.0    0.0      0.0
  SNOW DEPTH       0

DEGREE DAYS
 HEATING
  YESTERDAY        0                         3     -3        6
  MONTH TO DATE   18                        25     -7       21
  SINCE SEP 1     18                        25     -7       21
  SINCE JUL 1     18                        26     -8       21

 COOLING
  YESTERDAY        0                         3     -3        0
  MONTH TO DATE  120                       133    -13      127
  SINCE SEP 1    120                       133    -13      127
  SINCE JAN 1   1149                      1124     25     1183
...................................................................


WIND (MPH)
  HIGHEST WIND SPEED    21   HIGHEST WIND DIRECTION    SW (240)
  HIGHEST GUST SPEED    29   HIGHEST GUST DIRECTION     W (270)
  AVERAGE WIND SPEED     6.9


SKY COVER
  AVERAGE SKY COVER 0.5


WEATHER CONDITIONS
THE FOLLOWING WEATHER WAS RECORDED YESTERDAY.
  FOG


RELATIVE HUMIDITY (PERCENT)
 HIGHEST   100
 LOWEST     43
 AVERAGE    72

..........................................................


THE CHARLESTON WV CLIMATE NORMALS FOR TODAY
                         NORMAL    RECORD    YEAR
 MAXIMUM TEMPERATURE (F)   76        93      1908
 MINIMUM TEMPERATURE (F)   53        33      1928


SUNRISE AND SUNSET
SEPTEMBER 26 2022.....SUNRISE   7:18 AM EDT   SUNSET   7:17 PM EDT
SEPTEMBER 27 2022.....SUNRISE   7:19 AM EDT   SUNSET   7:15 PM EDT


-  INDICATES NEGATIVE NUMBERS.
R  INDICATES RECORD WAS SET OR TIED.
MM INDICATES DATA IS MISSING.
T  INDICATES TRACE AMOUNT.




$$
