000
CDUS42 KFFC 060817
CLICSG

CLIMATE REPORT
NATIONAL WEATHER SERVICE PEACHTREE CITY GA
417 AM EDT THU OCT 06 2022

...................................

...THE COLUMBUS CLIMATE SUMMARY FOR OCTOBER 5 2022...

CLIMATE NORMAL PERIOD: 1991 TO 2020
CLIMATE RECORD PERIOD: 1948 TO 2022


WEATHER ITEM   OBSERVED TIME   RECORD YEAR NORMAL DEPARTURE LAST
                VALUE   (LST)  VALUE       VALUE  FROM      YEAR
                                                  NORMAL
...................................................................
TEMPERATURE (F)
 YESTERDAY
  MAXIMUM         83   3:11 PM  97    1911  82      1       74
  MINIMUM         52   6:49 AM  40    1968  61     -9       66
  AVERAGE         68                        72     -4       70

PRECIPITATION (IN)
  YESTERDAY        0.00          1.85 1902   0.10  -0.10     1.63
  MONTH TO DATE    0.00                      0.51  -0.51     6.87
  SINCE SEP 1      2.58                      3.85  -1.27    13.05
  SINCE JAN 1     36.03                     37.80  -1.77    50.59

DEGREE DAYS
 HEATING
  YESTERDAY        0                         0      0        0
  MONTH TO DATE    0                         0      0        0
  SINCE SEP 1      0                         1     -1        0
  SINCE JUL 1      0                         1     -1        0

 COOLING
  YESTERDAY        3                         7     -4        5
  MONTH TO DATE   21                        39    -18       43
  SINCE SEP 1    361                       418    -57      378
  SINCE JAN 1   2413                      2406      7     2131
...................................................................


WIND (MPH)
  HIGHEST WIND SPEED    15   HIGHEST WIND DIRECTION    NW (320)
  HIGHEST GUST SPEED    21   HIGHEST GUST DIRECTION    NW (330)
  AVERAGE WIND SPEED     3.7


SKY COVER
  AVERAGE SKY COVER 0.0


WEATHER CONDITIONS
THE FOLLOWING WEATHER WAS RECORDED YESTERDAY.
  NO SIGNIFICANT WEATHER WAS OBSERVED.


RELATIVE HUMIDITY (PERCENT)
 HIGHEST    93           4:00 AM
 LOWEST     19           3:00 PM
 AVERAGE    56

..........................................................


THE COLUMBUS CLIMATE NORMALS FOR TODAY
                         NORMAL    RECORD    YEAR
 MAXIMUM TEMPERATURE (F)   82        98      1911
 MINIMUM TEMPERATURE (F)   61        44      1932


SUNRISE AND SUNSET
OCTOBER  6 2022.......SUNRISE   7:37 AM EDT   SUNSET   7:18 PM EDT
OCTOBER  7 2022.......SUNRISE   7:38 AM EDT   SUNSET   7:17 PM EDT


-  INDICATES NEGATIVE NUMBERS.
R  INDICATES RECORD WAS SET OR TIED.
MM INDICATES DATA IS MISSING.
T  INDICATES TRACE AMOUNT.




$$
