000
CDUS45 KTFX 020737
CLICTB

CLIMATE REPORT
NATIONAL WEATHER SERVICE GREAT FALLS MT
137 AM MDT SUN OCT 02 2022

...................................

...THE CUT BANK MT CLIMATE SUMMARY FOR OCTOBER 1 2022...

CLIMATE NORMAL PERIOD 1991 TO 2020
CLIMATE RECORD PERIOD 1903 TO 2022


WEATHER ITEM   OBSERVED TIME   RECORD YEAR NORMAL DEPARTURE LAST
                VALUE   (LST)  VALUE       VALUE  FROM      YEAR
                                                  NORMAL
...................................................................
TEMPERATURE (F)
 YESTERDAY
  MAXIMUM         62    300 PM  88    1992  62      0       65
  MINIMUM         46    700 AM   1    2019  35     11       33
  AVERAGE         54                        49      5       49

PRECIPITATION (IN)
  YESTERDAY        0.00          0.51 1966   0.03  -0.03     0.00
  MONTH TO DATE    0.00                      0.03  -0.03     0.00
  SINCE OCT 1      0.00                      0.03  -0.03     0.00
  SINCE JAN 1      8.29                      9.50  -1.21     6.21

SNOWFALL (IN)
  YESTERDAY       MM
  SNOW DEPTH       0

DEGREE DAYS
 HEATING
  YESTERDAY       11                        16     -5       16
  MONTH TO DATE   11                        16     -5       16
  SINCE SEP 1    210                       342   -132      241
  SINCE JUL 1    264                       523   -259      385

 COOLING
  YESTERDAY        0                         0      0        0
  MONTH TO DATE    0                         0      0        0
  SINCE SEP 1     41                         8     33       11
  SINCE JAN 1    299                       162    137      365
...................................................................


WIND (MPH)
  HIGHEST WIND SPEED    24   HIGHEST WIND DIRECTION     N (340)
  HIGHEST GUST SPEED    33   HIGHEST GUST DIRECTION     N (340)
  AVERAGE WIND SPEED    10.2


SKY COVER
  AVERAGE SKY COVER 0.6


WEATHER CONDITIONS
THE FOLLOWING WEATHER WAS RECORDED YESTERDAY.
  FOG


RELATIVE HUMIDITY (PERCENT)
 HIGHEST   100           700 AM
 LOWEST     60           300 PM
 AVERAGE    80

..........................................................


THE CUT BANK MT CLIMATE NORMALS FOR TODAY
                         NORMAL    RECORD    YEAR
 MAXIMUM TEMPERATURE (F)   62        85      1963
 MINIMUM TEMPERATURE (F)   35         8      2019


SUNRISE AND SUNSET
OCTOBER  2 2022.......SUNRISE   731 AM MDT   SUNSET   706 PM MDT
OCTOBER  3 2022.......SUNRISE   732 AM MDT   SUNSET   704 PM MDT


-  INDICATES NEGATIVE NUMBERS.
R  INDICATES RECORD WAS SET OR TIED.
MM INDICATES DATA IS MISSING.
T  INDICATES TRACE AMOUNT.




$$
