000
CDUS42 KTAE 260637
CLICTY

CLIMATE REPORT
NATIONAL WEATHER SERVICE TALLAHASSEE FL
237 AM EDT MON SEP 26 2022

...................................

...THE CROSS CITY  CLIMATE SUMMARY FOR SEPTEMBER 25 2022...

CLIMATE NORMAL PERIOD 1991 TO 2020
CLIMATE RECORD PERIOD 1948 TO 2022


WEATHER ITEM   OBSERVED TIME   NORMAL DEPARTURE LAST
                VALUE   (LST)  VALUE  FROM      YEAR
                                      NORMAL
.......................................................
TEMPERATURE (F)
 YESTERDAY
  MAXIMUM         89        MM  87      2       86
  MINIMUM         60        MM  68     -8       74
  AVERAGE         75            77     -2       80

PRECIPITATION (IN)
  YESTERDAY        0.00          0.15  -0.15     0.00
  MONTH TO DATE    2.76          5.10  -2.34     4.07
  SINCE SEP 1      2.76          5.10  -2.34     4.07
  SINCE JAN 1     38.21         43.48  -5.27    55.81

SNOWFALL (IN)
  YESTERDAY        0.0

DEGREE DAYS
 HEATING
  YESTERDAY        0                    0
  MONTH TO DATE    0                    0
  SINCE SEP 1      0                    0
  SINCE JUL 1      0                    0

 COOLING
  YESTERDAY       10                   -2
  MONTH TO DATE  374                   15
  SINCE SEP 1    374                   15
  SINCE JAN 1   2642                  305
.......................................................


WIND (MPH)
  HIGHEST WIND SPEED     7   HIGHEST WIND DIRECTION     N (340)
  AVERAGE WIND SPEED     2.2

..........................................................


THE CROSS CITY  CLIMATE NORMALS FOR TODAY
                         NORMAL




SUNRISE AND SUNSET
SEPTEMBER 26 2022.....SUNRISE   723 AM EDT   SUNSET   724 PM EDT
SEPTEMBER 27 2022.....SUNRISE   723 AM EDT   SUNSET   723 PM EDT


-  INDICATES NEGATIVE NUMBERS.
R  INDICATES RECORD WAS SET OR TIED.
MM INDICATES DATA IS MISSING.
T  INDICATES TRACE AMOUNT.




$$
