000
CDUS42 KCAE 010621
CLICUB

CLIMATE REPORT
NATIONAL WEATHER SERVICE COLUMBIA SC
221 AM EDT SAT OCT 01 2022

...................................

...THE HAMILTON - OWENS AIRPORT SC CLIMATE SUMMARY FOR SEPTEMBER 30 2022...

CLIMATE NORMAL PERIOD: 1991 TO 2020
CLIMATE RECORD PERIOD: 9999 TO 9999


WEATHER ITEM   OBSERVED TIME   NORMAL DEPARTURE LAST
                VALUE   (LST)  VALUE  FROM      YEAR
                                      NORMAL
.......................................................
TEMPERATURE (F)
 YESTERDAY
  MAXIMUM         63  12:45 AM  82    -19       90
  MINIMUM         56   5:57 AM  63     -7       65
  AVERAGE         60            73    -13       78

PRECIPITATION (IN)
  YESTERDAY        2.60          0.17   2.43     0.00
  MONTH TO DATE    4.90          4.33   0.57     3.06
  SINCE SEP 1      4.90          4.33   0.57     3.06
  SINCE JAN 1     38.23         34.36   3.87    42.45

DEGREE DAYS
 HEATING
  YESTERDAY        5             0      5        0
  MONTH TO DATE    6             0      6        0
  SINCE SEP 1      6             0      6        0
  SINCE JUL 1      6             0      6        0

 COOLING
  YESTERDAY        0             8     -8       13
  MONTH TO DATE  347           356     -9      323
  SINCE SEP 1    347           356     -9      323
  SINCE JAN 1   2418          2284    134     2155
.......................................................


WIND (MPH)
  HIGHEST WIND SPEED    21   HIGHEST WIND DIRECTION    NW (330)
  HIGHEST GUST SPEED    37   HIGHEST GUST DIRECTION    NW (330)
  AVERAGE WIND SPEED    10.6


SKY COVER
  AVERAGE SKY COVER 1.0


WEATHER CONDITIONS
THE FOLLOWING WEATHER WAS RECORDED YESTERDAY.
  HEAVY RAIN
  RAIN
  LIGHT RAIN
  FOG


RELATIVE HUMIDITY (PERCENT)
 HIGHEST    93          11:00 AM
 LOWEST     60          12:00 AM

..........................................................


THE HAMILTON - OWENS AIRPORT SC CLIMATE NORMALS FOR TODAY
                         NORMAL    RECORD    YEAR
 MAXIMUM TEMPERATURE (F)   82        MM        MM
 MINIMUM TEMPERATURE (F)   63        MM        MM


SUNRISE AND SUNSET
OCTOBER  1 2022.......SUNRISE   7:18 AM EDT   SUNSET   7:08 PM EDT
OCTOBER  2 2022.......SUNRISE   7:19 AM EDT   SUNSET   7:07 PM EDT


-  INDICATES NEGATIVE NUMBERS.
R  INDICATES RECORD WAS SET OR TIED.
MM INDICATES DATA IS MISSING.
T  INDICATES TRACE AMOUNT.




$$
