000
CDUS43 KUNR 060837
CLICUT

CLIMATE REPORT
NATIONAL WEATHER SERVICE RAPID CITY SD
237 AM MDT THU OCT 06 2022

...................................

...THE CUSTER COUNTY AIRPORT SD CLIMATE SUMMARY FOR OCTOBER 5 2022...

CLIMATE NORMAL PERIOD 1991 TO 2020
CLIMATE RECORD PERIOD 9999 TO 9999


WEATHER ITEM   OBSERVED TIME   NORMAL DEPARTURE LAST
                VALUE   (LST)  VALUE  FROM      YEAR
                                      NORMAL
.......................................................
TEMPERATURE (F)
 YESTERDAY
  MAXIMUM         67   1254 PM  59      8       80
  MINIMUM         38    602 AM  36      2       47
  AVERAGE         53            47      6       64

PRECIPITATION (IN)
  YESTERDAY        0.00          0.06  -0.06     0.00
  MONTH TO DATE    0.23          0.28  -0.05     0.00
  SINCE SEP 1      0.69          1.87  -1.18     1.18
  SINCE JAN 1     15.20         17.74  -2.54    15.15

DEGREE DAYS
 HEATING
  YESTERDAY       12            18     -6        1
  MONTH TO DATE   62            86    -24       40
  SINCE SEP 1    226           374   -148      200
  SINCE JUL 1    272           504   -232      259

 COOLING
  YESTERDAY        0             0      0        0
  MONTH TO DATE    0             0      0        0
  SINCE SEP 1     44            16     28       25
  SINCE JAN 1    314           209    105      345
.......................................................


WIND (MPH)
  HIGHEST WIND SPEED    12   HIGHEST WIND DIRECTION     E (110)
  HIGHEST GUST SPEED    18   HIGHEST GUST DIRECTION     E (100)
  AVERAGE WIND SPEED     4.6


SKY COVER
  AVERAGE SKY COVER 0.0


RELATIVE HUMIDITY (PERCENT)
 HIGHEST    89           400 AM
 LOWEST     31           100 PM
 AVERAGE    60

..........................................................



SUNRISE AND SUNSET
OCTOBER  6 2022.......SUNRISE   658 AM MDT   SUNSET   626 PM MDT
OCTOBER  7 2022.......SUNRISE   659 AM MDT   SUNSET   625 PM MDT


-  INDICATES NEGATIVE NUMBERS.
R  INDICATES RECORD WAS SET OR TIED.
MM INDICATES DATA IS MISSING.
T  INDICATES TRACE AMOUNT.




$$
