000
CDUS41 KILN 020529
CLICVG

CLIMATE REPORT
NATIONAL WEATHER SERVICE WILMINGTON OH
129 AM EDT SUN OCT 02 2022

...................................

...THE CINCINNATI OH CLIMATE SUMMARY FOR OCTOBER 1 2022...

CLIMATE NORMAL PERIOD: 1991 TO 2020
CLIMATE RECORD PERIOD: 1869 TO 2022


WEATHER ITEM   OBSERVED TIME   RECORD YEAR NORMAL DEPARTURE LAST
                VALUE   (LST)  VALUE       VALUE  FROM      YEAR
                                                  NORMAL
...................................................................
TEMPERATURE (F)
 YESTERDAY
  MAXIMUM         74   4:47 PM  95    2019  73      1       79
  MINIMUM         49   5:04 AM  34    1974  51     -2       57
                                      1987
  AVERAGE         62                        62      0       68

PRECIPITATION (IN)
  YESTERDAY        0.00          2.47 1973   0.10  -0.10     0.00
  MONTH TO DATE    0.00                      0.10  -0.10     0.00
  SINCE SEP 1      1.94                      3.21  -1.27     2.72
  SINCE JAN 1     39.87                     35.05   4.82    39.08

SNOWFALL (IN)
  YESTERDAY        0.0           0.0    MM   0.0    0.0      0.0
  MONTH TO DATE    0.0                       0.0    0.0      0.0
  SINCE SEP 1      0.0                       0.0    0.0      0.0
  SINCE JUL 1      0.0                       0.0    0.0      0.0
  SNOW DEPTH       0

DEGREE DAYS
 HEATING
  YESTERDAY        3                         5     -2        0
  MONTH TO DATE    3                         5     -2        0
  SINCE SEP 1     56                        58     -2       21
  SINCE JUL 1     56                        61     -5       21

 COOLING
  YESTERDAY        0                         2     -2        3
  MONTH TO DATE    0                         2     -2        3
  SINCE SEP 1    155                       148      7      186
  SINCE JAN 1   1319                      1139    180     1287
...................................................................


WIND (MPH)
  RESULTANT WIND SPEED  14   RESULTANT WIND DIRECTION   N (20)
  HIGHEST WIND SPEED    28   HIGHEST WIND DIRECTION     N (20)
  HIGHEST GUST SPEED    33   HIGHEST GUST DIRECTION     N (10)
  AVERAGE WIND SPEED    15.1


SKY COVER
  POSSIBLE SUNSHINE  MM
  AVERAGE SKY COVER 0.8


WEATHER CONDITIONS
THE FOLLOWING WEATHER WAS RECORDED YESTERDAY.
  NO SIGNIFICANT WEATHER WAS OBSERVED.


RELATIVE HUMIDITY (PERCENT)
 HIGHEST    77           8:00 AM
 LOWEST     31           1:00 PM
 AVERAGE    54

..........................................................


THE CINCINNATI OH CLIMATE NORMALS FOR TODAY
                         NORMAL    RECORD    YEAR
 MAXIMUM TEMPERATURE (F)   73        94      2019
 MINIMUM TEMPERATURE (F)   51        32      1966
                                             2003


SUNRISE AND SUNSET
OCTOBER  2 2022.......SUNRISE   7:36 AM EDT   SUNSET   7:20 PM EDT
OCTOBER  3 2022.......SUNRISE   7:37 AM EDT   SUNSET   7:18 PM EDT


-  INDICATES NEGATIVE NUMBERS.
R  INDICATES RECORD WAS SET OR TIED.
MM INDICATES DATA IS MISSING.
T  INDICATES TRACE AMOUNT.




$$
