000
CDUS42 KCHS 260609
CLICXM

CLIMATE REPORT
NATIONAL WEATHER SERVICE CHARLESTON SC
209 AM EDT MON SEP 26 2022

...................................

...THE DOWNTOWN CHARLESTON SC CLIMATE SUMMARY FOR SEPTEMBER 25 2022...

CLIMATE NORMAL PERIOD 1991 TO 2020
CLIMATE RECORD PERIOD 1870 TO 2022


WEATHER ITEM   OBSERVED TIME   RECORD YEAR NORMAL DEPARTURE LAST
                VALUE   (LST)  VALUE       VALUE  FROM      YEAR
                                                  NORMAL
...................................................................
TEMPERATURE (F)
 YESTERDAY
  MAXIMUM         81   1150 AM  92    1986  81      0       81
  MINIMUM         71    400 AM  57    1974  70      1       64
  AVERAGE         76                        76      0       73

PRECIPITATION (IN)
  YESTERDAY        0.00          3.79 2002   0.17  -0.17     0.00
  MONTH TO DATE    3.72                      4.41  -0.69     5.41
  SINCE SEP 1      3.72                      4.41  -0.69     5.41
  SINCE JAN 1     30.81                     34.14  -3.33    40.60

DEGREE DAYS
 HEATING
  YESTERDAY        0                         0      0        0
  MONTH TO DATE    0                         0      0        0
  SINCE SEP 1      0                         0      0        0
  SINCE JUL 1      0                         0      0        0

 COOLING
  YESTERDAY       11                        11      0        8
  MONTH TO DATE  366                       327     39      360
  SINCE SEP 1    366                       327     39      360
  SINCE JAN 1   2383                      2188    195     2473
...................................................................


WIND (MPH)
  HIGHEST WIND SPEED    13   HIGHEST WIND DIRECTION     S (190)
  HIGHEST GUST SPEED    17   HIGHEST GUST DIRECTION    SW (210)
  AVERAGE WIND SPEED     5.7

..........................................................


THE DOWNTOWN CHARLESTON SC CLIMATE NORMALS FOR TODAY
                         NORMAL    RECORD    YEAR
 MAXIMUM TEMPERATURE (F)   81        91      1986
 MINIMUM TEMPERATURE (F)   70        51      1940


SUNRISE AND SUNSET
SEPTEMBER 26 2022.....SUNRISE   711 AM EDT   SUNSET   711 PM EDT
SEPTEMBER 27 2022.....SUNRISE   711 AM EDT   SUNSET   710 PM EDT


-  INDICATES NEGATIVE NUMBERS.
R  INDICATES RECORD WAS SET OR TIED.
MM INDICATES DATA IS MISSING.
T  INDICATES TRACE AMOUNT.




$$
